{"id":135,"date":"2025-06-20T13:57:21","date_gmt":"2025-06-20T11:57:21","guid":{"rendered":"https:\/\/solnhofener-natursteinparadies.com\/2025\/?page_id=135"},"modified":"2025-07-27T12:38:45","modified_gmt":"2025-07-27T10:38:45","slug":"service-2","status":"publish","type":"page","link":"https:\/\/solnhofener-natursteinparadies.com\/2025\/fr\/service-2\/","title":{"rendered":"Service"},"content":{"rendered":"\n<h1 class=\"wp-block-heading\"><strong>Notre service \u2013 Votre avantage<\/strong><\/h1>\n\n\n\n<h5 class=\"wp-block-heading\"><strong>Conseils techniques optimales<\/strong><\/h5>\n\n\n\n<p>Nous serions heureux de vous aider avec la conception visuelle. Il est important pour nous d\u2019aider vos pierres \u00e0 atteindre leur valeur parfaite.<\/p>\n\n\n<div class=\"wp-block-image\">\n<figure class=\"alignright size-full\"><img loading=\"lazy\" decoding=\"async\" width=\"400\" height=\"400\" src=\"https:\/\/solnhofener-natursteinparadies.com\/2025\/wp-content\/uploads\/2025\/06\/Service_oben-3.jpg\" alt=\"Service - Solnhofen Paradis De La Pierre Naturelle\" class=\"wp-image-1002\" srcset=\"https:\/\/solnhofener-natursteinparadies.com\/2025\/wp-content\/uploads\/2025\/06\/Service_oben-3.jpg 400w, https:\/\/solnhofener-natursteinparadies.com\/2025\/wp-content\/uploads\/2025\/06\/Service_oben-3-300x300.jpg 300w, https:\/\/solnhofener-natursteinparadies.com\/2025\/wp-content\/uploads\/2025\/06\/Service_oben-3-150x150.jpg 150w\" sizes=\"auto, (max-width: 400px) 100vw, 400px\" \/><\/figure>\n<\/div>\n\n\n<h5 class=\"wp-block-heading\"><strong>Pierres naturelles s\u00e9lectionn\u00e9es<\/strong><\/h5>\n\n\n\n<p>La satisfaction du client par la qualit\u00e9 est notre priorit\u00e9 absolue! Toutes les pierres r\u00e9pondent aux exigences les plus \u00e9lev\u00e9es, que ce soit \u00e0 l\u2019int\u00e9rieur ou \u00e0 l\u2019ext\u00e9rieur, et fonctionnent toujours gr\u00e2ce \u00e0 leur beaut\u00e9 naturelle et leur \u00e9l\u00e9gance, m\u00eame apr\u00e8s 147 millions d\u2019ann\u00e9es!<\/p>\n\n\n\n<h5 class=\"wp-block-heading\"><strong>Prix \u00e9quitables<\/strong><\/h5>\n\n\n\n<p>Parce que nos pierres proviennent directement du producteur, nous vous offrons la meilleure qualit\u00e9 \u00e0 des prix raisonnables.<\/p>\n\n\n\n<h5 class=\"wp-block-heading\"><strong>Service de livraison<\/strong><\/h5>\n\n\n\n<p>Nous exp\u00e9dions de mani\u00e8re fiable et \u00e9conomique dans des palettes de panier avec des transitaires internationaux. Prix \u200b\u200bet d\u00e9lais de livraison sur demande, en indiquant votre lieu de livraison avec code postal.<\/p>\n\n\n\n<p>Nous sommes heureux de r\u00e9pondre \u00e0 toutes vos questions, tant par \u00e9crit que par t\u00e9l\u00e9phone. Nous vous soutenons avec comp\u00e9tence et sans complication.<\/p>\n\n\n\n<h5 class=\"wp-block-heading\"><strong>Contact<\/strong><\/h5>\n\n\n\n<p><a href=\"mailto:info@pierres-de-solnhofen.com\"><strong>info@pierres-de-solnhofen.com<\/strong><\/a> ou&nbsp;<a href=\"mailto:info@solnhofener-natursteinparadies.com\"><strong>info@solnhofener-natursteinparadies.com<\/strong><\/a><\/p>\n\n\n\n<p>Nos conseillers de vente sont disponibles par t\u00e9l\u00e9phone au: <strong>+49 170 582 59 51 <\/strong>(<a href=\"https:\/\/wa.me\/491705825951\">WhatsApp<\/a>) du lundi au vendredi de 10h00 \u00e0 20h00. <strong>Avec plaisir nous vous rappellerons!<\/strong><\/p>\n\n\n\n<p>Nous attendons avec impatience vos souhaits, questions ou suggestions, car ils montrent votre int\u00e9r\u00eat pour nos pierres et nos offres.<\/p>\n\n\n\n<p><strong>Un excellent service est une \u00e9vidence pour nous<br>Conseils et service personnalis\u00e9 sont nos points forts<\/strong><\/p>\n\n\n\n<h5 class=\"wp-block-heading\"><strong>Important!<\/strong><\/h5>\n\n\n\n<p>S\u2019il vous pla\u00eet v\u00e9rifier tous les les articles sont complets et intacts. Les dommages qui n\u2019ont pas \u00e9t\u00e9 signal\u00e9s imm\u00e9diatement au conducteur par \u00e9crit ne peuvent \u00eatre r\u00e9clam\u00e9s ult\u00e9rieurement.&nbsp;<\/p>\n\n\n\n<h5 class=\"wp-block-heading\"><strong>Modalit\u00e8s de paiement<\/strong><\/h5>\n\n\n\n<p>Le paiement est effectu\u00e9 \u00e0 l\u00b4avance.<\/p>\n\n\n\n<h5 class=\"wp-block-heading\"><strong>Coordonn\u00e9es bancaires<\/strong><\/h5>\n\n\n\n<p><strong>In\u00e8s Hellwig &#8211; Consorsbank by BNP Paribas &#8211; IBAN:&nbsp;DE41 7012 0400 7800 7970 08 &#8211; BIC:&nbsp;DABBDEMMXXX<\/strong><\/p>\n","protected":false},"excerpt":{"rendered":"<p>Notre service \u2013 Votre avantage Conseils techniques optimales Nous serions heureux de vous aider avec la conception visuelle. Il est important pour nous d\u2019aider vos pierres \u00e0 atteindre leur valeur parfaite. Pierres naturelles s\u00e9lectionn\u00e9es La satisfaction du client par la qualit\u00e9 est notre priorit\u00e9 absolue! Toutes les pierres r\u00e9pondent aux exigences les plus \u00e9lev\u00e9es, que &#8230; <a title=\"Service\" class=\"read-more\" href=\"https:\/\/solnhofener-natursteinparadies.com\/2025\/fr\/service-2\/\" aria-label=\"Mehr Informationen \u00fcber Service\">Weiterlesen &#8230;<\/a><\/p>\n","protected":false},"author":1,"featured_media":0,"parent":0,"menu_order":102,"comment_status":"closed","ping_status":"closed","template":"","meta":{"ngg_post_thumbnail":0,"footnotes":""},"class_list":["post-135","page","type-page","status-publish"],"yoast_head":"<!-- This site is optimized with the Yoast SEO plugin v27.4 - https:\/\/yoast.com\/product\/yoast-seo-wordpress\/ -->\n<title>Service - Solnhofen Paradis De La Pierre Naturelle<\/title>\n<meta name=\"robots\" content=\"index, follow, max-snippet:-1, max-image-preview:large, max-video-preview:-1\" \/>\n<link rel=\"canonical\" href=\"https:\/\/solnhofener-natursteinparadies.com\/2025\/fr\/service-2\/\" \/>\n<meta property=\"og:locale\" content=\"de_DE\" \/>\n<meta property=\"og:type\" content=\"article\" \/>\n<meta property=\"og:title\" content=\"Service - Solnhofen Paradis De La Pierre Naturelle\" \/>\n<meta property=\"og:description\" content=\"Notre service \u2013 Votre avantage Conseils techniques optimales Nous serions heureux de vous aider avec la conception visuelle. Il est important pour nous d\u2019aider vos pierres \u00e0 atteindre leur valeur parfaite. Pierres naturelles s\u00e9lectionn\u00e9es La satisfaction du client par la qualit\u00e9 est notre priorit\u00e9 absolue! Toutes les pierres r\u00e9pondent aux exigences les plus \u00e9lev\u00e9es, que ... Weiterlesen ...\" \/>\n<meta property=\"og:url\" content=\"https:\/\/solnhofener-natursteinparadies.com\/2025\/fr\/service-2\/\" \/>\n<meta property=\"og:site_name\" content=\"Solnhofener Natursteinparadies\" \/>\n<meta property=\"article:modified_time\" content=\"2025-07-27T10:38:45+00:00\" \/>\n<meta property=\"og:image\" content=\"https:\/\/solnhofener-natursteinparadies.com\/2025\/wp-content\/uploads\/2025\/06\/Service_oben-3.jpg\" \/>\n\t<meta property=\"og:image:width\" content=\"400\" \/>\n\t<meta property=\"og:image:height\" content=\"400\" \/>\n\t<meta property=\"og:image:type\" content=\"image\/jpeg\" \/>\n<meta name=\"twitter:card\" content=\"summary_large_image\" \/>\n<meta name=\"twitter:label1\" content=\"Gesch\u00e4tzte Lesezeit\" \/>\n\t<meta name=\"twitter:data1\" content=\"2\u00a0Minuten\" \/>\n<script type=\"application\/ld+json\" class=\"yoast-schema-graph\">{\"@context\":\"https:\\\/\\\/schema.org\",\"@graph\":[{\"@type\":\"WebPage\",\"@id\":\"https:\\\/\\\/solnhofener-natursteinparadies.com\\\/2025\\\/fr\\\/service-2\\\/\",\"url\":\"https:\\\/\\\/solnhofener-natursteinparadies.com\\\/2025\\\/fr\\\/service-2\\\/\",\"name\":\"Service - Solnhofen Paradis De La Pierre Naturelle\",\"isPartOf\":{\"@id\":\"https:\\\/\\\/solnhofener-natursteinparadies.com\\\/2025\\\/#website\"},\"primaryImageOfPage\":{\"@id\":\"https:\\\/\\\/solnhofener-natursteinparadies.com\\\/2025\\\/fr\\\/service-2\\\/#primaryimage\"},\"image\":{\"@id\":\"https:\\\/\\\/solnhofener-natursteinparadies.com\\\/2025\\\/fr\\\/service-2\\\/#primaryimage\"},\"thumbnailUrl\":\"https:\\\/\\\/solnhofener-natursteinparadies.com\\\/2025\\\/wp-content\\\/uploads\\\/2025\\\/06\\\/Service_oben-3.jpg\",\"datePublished\":\"2025-06-20T11:57:21+00:00\",\"dateModified\":\"2025-07-27T10:38:45+00:00\",\"breadcrumb\":{\"@id\":\"https:\\\/\\\/solnhofener-natursteinparadies.com\\\/2025\\\/fr\\\/service-2\\\/#breadcrumb\"},\"inLanguage\":\"de\",\"potentialAction\":[{\"@type\":\"ReadAction\",\"target\":[\"https:\\\/\\\/solnhofener-natursteinparadies.com\\\/2025\\\/fr\\\/service-2\\\/\"]}]},{\"@type\":\"ImageObject\",\"inLanguage\":\"de\",\"@id\":\"https:\\\/\\\/solnhofener-natursteinparadies.com\\\/2025\\\/fr\\\/service-2\\\/#primaryimage\",\"url\":\"https:\\\/\\\/solnhofener-natursteinparadies.com\\\/2025\\\/wp-content\\\/uploads\\\/2025\\\/06\\\/Service_oben-3.jpg\",\"contentUrl\":\"https:\\\/\\\/solnhofener-natursteinparadies.com\\\/2025\\\/wp-content\\\/uploads\\\/2025\\\/06\\\/Service_oben-3.jpg\",\"width\":400,\"height\":400},{\"@type\":\"BreadcrumbList\",\"@id\":\"https:\\\/\\\/solnhofener-natursteinparadies.com\\\/2025\\\/fr\\\/service-2\\\/#breadcrumb\",\"itemListElement\":[{\"@type\":\"ListItem\",\"position\":1,\"name\":\"Startseite\",\"item\":\"https:\\\/\\\/solnhofener-natursteinparadies.com\\\/2025\\\/\"},{\"@type\":\"ListItem\",\"position\":2,\"name\":\"Service\"}]},{\"@type\":\"WebSite\",\"@id\":\"https:\\\/\\\/solnhofener-natursteinparadies.com\\\/2025\\\/#website\",\"url\":\"https:\\\/\\\/solnhofener-natursteinparadies.com\\\/2025\\\/\",\"name\":\"Solnhofener Natursteinparadies\",\"description\":\"\",\"publisher\":{\"@id\":\"https:\\\/\\\/solnhofener-natursteinparadies.com\\\/2025\\\/#organization\"},\"potentialAction\":[{\"@type\":\"SearchAction\",\"target\":{\"@type\":\"EntryPoint\",\"urlTemplate\":\"https:\\\/\\\/solnhofener-natursteinparadies.com\\\/2025\\\/?s={search_term_string}\"},\"query-input\":{\"@type\":\"PropertyValueSpecification\",\"valueRequired\":true,\"valueName\":\"search_term_string\"}}],\"inLanguage\":\"de\"},{\"@type\":\"Organization\",\"@id\":\"https:\\\/\\\/solnhofener-natursteinparadies.com\\\/2025\\\/#organization\",\"name\":\"Solnhofener Natursteinparadies\",\"url\":\"https:\\\/\\\/solnhofener-natursteinparadies.com\\\/2025\\\/\",\"logo\":{\"@type\":\"ImageObject\",\"inLanguage\":\"de\",\"@id\":\"https:\\\/\\\/solnhofener-natursteinparadies.com\\\/2025\\\/#\\\/schema\\\/logo\\\/image\\\/\",\"url\":\"https:\\\/\\\/solnhofener-natursteinparadies.com\\\/2025\\\/wp-content\\\/uploads\\\/2025\\\/06\\\/header-3.jpg\",\"contentUrl\":\"https:\\\/\\\/solnhofener-natursteinparadies.com\\\/2025\\\/wp-content\\\/uploads\\\/2025\\\/06\\\/header-3.jpg\",\"width\":1200,\"height\":230,\"caption\":\"Solnhofener Natursteinparadies\"},\"image\":{\"@id\":\"https:\\\/\\\/solnhofener-natursteinparadies.com\\\/2025\\\/#\\\/schema\\\/logo\\\/image\\\/\"}}]}<\/script>\n<!-- \/ Yoast SEO plugin. -->","yoast_head_json":{"title":"Service - Solnhofen Paradis De La Pierre Naturelle","robots":{"index":"index","follow":"follow","max-snippet":"max-snippet:-1","max-image-preview":"max-image-preview:large","max-video-preview":"max-video-preview:-1"},"canonical":"https:\/\/solnhofener-natursteinparadies.com\/2025\/fr\/service-2\/","og_locale":"de_DE","og_type":"article","og_title":"Service - Solnhofen Paradis De La Pierre Naturelle","og_description":"Notre service \u2013 Votre avantage Conseils techniques optimales Nous serions heureux de vous aider avec la conception visuelle. Il est important pour nous d\u2019aider vos pierres \u00e0 atteindre leur valeur parfaite. Pierres naturelles s\u00e9lectionn\u00e9es La satisfaction du client par la qualit\u00e9 est notre priorit\u00e9 absolue! Toutes les pierres r\u00e9pondent aux exigences les plus \u00e9lev\u00e9es, que ... Weiterlesen ...","og_url":"https:\/\/solnhofener-natursteinparadies.com\/2025\/fr\/service-2\/","og_site_name":"Solnhofener Natursteinparadies","article_modified_time":"2025-07-27T10:38:45+00:00","og_image":[{"width":400,"height":400,"url":"https:\/\/solnhofener-natursteinparadies.com\/2025\/wp-content\/uploads\/2025\/06\/Service_oben-3.jpg","type":"image\/jpeg"}],"twitter_card":"summary_large_image","twitter_misc":{"Gesch\u00e4tzte Lesezeit":"2\u00a0Minuten"},"schema":{"@context":"https:\/\/schema.org","@graph":[{"@type":"WebPage","@id":"https:\/\/solnhofener-natursteinparadies.com\/2025\/fr\/service-2\/","url":"https:\/\/solnhofener-natursteinparadies.com\/2025\/fr\/service-2\/","name":"Service - Solnhofen Paradis De La Pierre Naturelle","isPartOf":{"@id":"https:\/\/solnhofener-natursteinparadies.com\/2025\/#website"},"primaryImageOfPage":{"@id":"https:\/\/solnhofener-natursteinparadies.com\/2025\/fr\/service-2\/#primaryimage"},"image":{"@id":"https:\/\/solnhofener-natursteinparadies.com\/2025\/fr\/service-2\/#primaryimage"},"thumbnailUrl":"https:\/\/solnhofener-natursteinparadies.com\/2025\/wp-content\/uploads\/2025\/06\/Service_oben-3.jpg","datePublished":"2025-06-20T11:57:21+00:00","dateModified":"2025-07-27T10:38:45+00:00","breadcrumb":{"@id":"https:\/\/solnhofener-natursteinparadies.com\/2025\/fr\/service-2\/#breadcrumb"},"inLanguage":"de","potentialAction":[{"@type":"ReadAction","target":["https:\/\/solnhofener-natursteinparadies.com\/2025\/fr\/service-2\/"]}]},{"@type":"ImageObject","inLanguage":"de","@id":"https:\/\/solnhofener-natursteinparadies.com\/2025\/fr\/service-2\/#primaryimage","url":"https:\/\/solnhofener-natursteinparadies.com\/2025\/wp-content\/uploads\/2025\/06\/Service_oben-3.jpg","contentUrl":"https:\/\/solnhofener-natursteinparadies.com\/2025\/wp-content\/uploads\/2025\/06\/Service_oben-3.jpg","width":400,"height":400},{"@type":"BreadcrumbList","@id":"https:\/\/solnhofener-natursteinparadies.com\/2025\/fr\/service-2\/#breadcrumb","itemListElement":[{"@type":"ListItem","position":1,"name":"Startseite","item":"https:\/\/solnhofener-natursteinparadies.com\/2025\/"},{"@type":"ListItem","position":2,"name":"Service"}]},{"@type":"WebSite","@id":"https:\/\/solnhofener-natursteinparadies.com\/2025\/#website","url":"https:\/\/solnhofener-natursteinparadies.com\/2025\/","name":"Solnhofener Natursteinparadies","description":"","publisher":{"@id":"https:\/\/solnhofener-natursteinparadies.com\/2025\/#organization"},"potentialAction":[{"@type":"SearchAction","target":{"@type":"EntryPoint","urlTemplate":"https:\/\/solnhofener-natursteinparadies.com\/2025\/?s={search_term_string}"},"query-input":{"@type":"PropertyValueSpecification","valueRequired":true,"valueName":"search_term_string"}}],"inLanguage":"de"},{"@type":"Organization","@id":"https:\/\/solnhofener-natursteinparadies.com\/2025\/#organization","name":"Solnhofener Natursteinparadies","url":"https:\/\/solnhofener-natursteinparadies.com\/2025\/","logo":{"@type":"ImageObject","inLanguage":"de","@id":"https:\/\/solnhofener-natursteinparadies.com\/2025\/#\/schema\/logo\/image\/","url":"https:\/\/solnhofener-natursteinparadies.com\/2025\/wp-content\/uploads\/2025\/06\/header-3.jpg","contentUrl":"https:\/\/solnhofener-natursteinparadies.com\/2025\/wp-content\/uploads\/2025\/06\/header-3.jpg","width":1200,"height":230,"caption":"Solnhofener Natursteinparadies"},"image":{"@id":"https:\/\/solnhofener-natursteinparadies.com\/2025\/#\/schema\/logo\/image\/"}}]}},"jetpack_sharing_enabled":true,"_links":{"self":[{"href":"https:\/\/solnhofener-natursteinparadies.com\/2025\/wp-json\/wp\/v2\/pages\/135","targetHints":{"allow":["GET"]}}],"collection":[{"href":"https:\/\/solnhofener-natursteinparadies.com\/2025\/wp-json\/wp\/v2\/pages"}],"about":[{"href":"https:\/\/solnhofener-natursteinparadies.com\/2025\/wp-json\/wp\/v2\/types\/page"}],"author":[{"embeddable":true,"href":"https:\/\/solnhofener-natursteinparadies.com\/2025\/wp-json\/wp\/v2\/users\/1"}],"replies":[{"embeddable":true,"href":"https:\/\/solnhofener-natursteinparadies.com\/2025\/wp-json\/wp\/v2\/comments?post=135"}],"version-history":[{"count":8,"href":"https:\/\/solnhofener-natursteinparadies.com\/2025\/wp-json\/wp\/v2\/pages\/135\/revisions"}],"predecessor-version":[{"id":1722,"href":"https:\/\/solnhofener-natursteinparadies.com\/2025\/wp-json\/wp\/v2\/pages\/135\/revisions\/1722"}],"wp:attachment":[{"href":"https:\/\/solnhofener-natursteinparadies.com\/2025\/wp-json\/wp\/v2\/media?parent=135"}],"curies":[{"name":"wp","href":"https:\/\/api.w.org\/{rel}","templated":true}]}}