{"id":1542,"date":"2025-07-20T16:05:49","date_gmt":"2025-07-20T14:05:49","guid":{"rendered":"https:\/\/solnhofener-natursteinparadies.com\/2025\/?page_id=1542"},"modified":"2025-07-20T21:01:17","modified_gmt":"2025-07-20T19:01:17","slug":"solker-gres-cerame","status":"publish","type":"page","link":"https:\/\/solnhofener-natursteinparadies.com\/2025\/fr\/produits\/solker-gres-cerame\/","title":{"rendered":"SolKer\u00ae Gr\u00e8s C\u00e9rame"},"content":{"rendered":"\n<h1 class=\"wp-block-heading\"><strong>SolKer\u00ae Gr\u00e8s C\u00e9rame<\/strong><\/h1>\n\n\n\n<h5 class=\"wp-block-heading\"><strong>SolKer\u00ae Gr\u00e8s C\u00e9rame Fin<\/strong>\u00a0<strong>\u00e0 l\u2019aspect pierre naturelle<\/strong><\/h5>\n\n\n<div class=\"wp-block-image\">\n<figure class=\"alignright size-full\"><img loading=\"lazy\" decoding=\"async\" width=\"400\" height=\"379\" src=\"https:\/\/solnhofener-natursteinparadies.com\/2025\/wp-content\/uploads\/2025\/07\/Produkte_Solker-2.jpg\" alt=\"Produits Solker\" class=\"wp-image-1543\" srcset=\"https:\/\/solnhofener-natursteinparadies.com\/2025\/wp-content\/uploads\/2025\/07\/Produkte_Solker-2.jpg 400w, https:\/\/solnhofener-natursteinparadies.com\/2025\/wp-content\/uploads\/2025\/07\/Produkte_Solker-2-300x284.jpg 300w\" sizes=\"auto, (max-width: 400px) 100vw, 400px\" \/><\/figure>\n<\/div>\n\n\n<p><strong>(r\u00e9sistant aux acides et au gel),<\/strong>\u00a0R\u00e9sistance au glissement R10<\/p>\n\n\n\n<p>En termes d\u2019apparence, ces carreaux cuits ressemblent aux Dalles de Pierre Naturelle de Solnhofen. Ils offrent une alternative bon march\u00e9 aux Pierres Solnhofen, sont extr\u00eamement faciles \u00e0 entretenir et conviennent \u00e0 une installation int\u00e9rieure et ext\u00e9rieure, pour les murs et les sols. Contrairement au Calcaire Solnhofen, ils sont \u00e0 la fois r\u00e9sistants au gel et aux acides.<\/p>\n\n\n\n<h5 class=\"wp-block-heading\"><strong>Le Gr\u00e8s C\u00e9rame Fin r\u00e9sistant et durable s\u00e9duit par ses propri\u00e9t\u00e9s extraordinaires<\/strong><\/h5>\n\n\n\n<p>Extr\u00eamement r\u00e9sistant et \u00e9conomique, \u00e9galement r\u00e9sistant aux rayures et \u00e0 l\u2019abrasion, aux couleurs et \u00e0 la lumi\u00e8re, antistatique et absolument \u00e9cologique. Les propri\u00e9t\u00e9s antid\u00e9rapantes du\u00a0<strong>SolKer\u00ae Gr\u00e8s C\u00e9rame Fin<\/strong>\u00a0ont \u00e9t\u00e9 contr\u00f4l\u00e9es par T\u00dcV Rheinland LGA Bautechnik GmbH et class\u00e9es dans la classe antid\u00e9rapante R10.<\/p>\n\n\n\n<h5 class=\"wp-block-heading\"><strong>D\u00e9tails Techniques<\/strong><\/h5>\n\n\n<div class=\"wp-block-image\">\n<figure class=\"alignright size-full\"><img loading=\"lazy\" decoding=\"async\" width=\"400\" height=\"394\" src=\"https:\/\/solnhofener-natursteinparadies.com\/2025\/wp-content\/uploads\/2025\/07\/Produkte_Solker1-2.jpg\" alt=\"\" class=\"wp-image-1544\" srcset=\"https:\/\/solnhofener-natursteinparadies.com\/2025\/wp-content\/uploads\/2025\/07\/Produkte_Solker1-2.jpg 400w, https:\/\/solnhofener-natursteinparadies.com\/2025\/wp-content\/uploads\/2025\/07\/Produkte_Solker1-2-300x296.jpg 300w\" sizes=\"auto, (max-width: 400px) 100vw, 400px\" \/><\/figure>\n<\/div>\n\n\n<p>Avec leurs dimensions grand format, le&nbsp;<strong>SolKer\u00ae Gr\u00e8s C\u00e9rame Fin<\/strong>&nbsp;repr\u00e9sente une alternative peu co\u00fbteuse ou un compl\u00e9ment \u00e0 la pierre naturelle d\u2019origine et offre au constructeur beaucoup plus de flexibilit\u00e9: en raison de la disponibilit\u00e9 illimit\u00e9e du mat\u00e9riau et&nbsp;<strong>des formats exceptionnellement grands tels que 40 x 60 x 1 cm \u00e0 90 x 90 x 1 cm,<\/strong>&nbsp;des projets \u00e0 grande \u00e9chelle tels que des centres commerciaux, des complexes de bureaux et des projets d\u2019infrastructure de grande envergure peuvent \u00e9galement \u00eatre mis en \u0153uvre avec un temps d\u2019installation tr\u00e8s court. Nous fournissons des plinthes assorties ainsi que des mosa\u00efques, des rev\u00eatements muraux, des associations romaines et des bandes d\u2019associations.<\/p>\n\n\n\n<p><strong>Carrelage:&nbsp;<\/strong>40 x 60 x 1 cm,<strong>&nbsp;<\/strong>60 x 60 x 1 cm, 90 x 90 x 1 cm, 30 x 60 x 1 cm<\/p>\n\n\n\n<p><strong>Pi\u00e9destal en pierre:<\/strong>&nbsp;60 x 7 x 1 cm, 90 x 7 x 1 cm<\/p>\n\n\n\n<p><strong>Mosa\u00efque:&nbsp;<\/strong>5 \u00d7 5 cm sur une maille 30 x 30 x 1 cm<\/p>\n\n\n\n<p><strong>Rev\u00eatement mural en brique:&nbsp;<\/strong>30 x 60 x 1 cm<\/p>\n\n\n\n<p><strong>Romaine Assocations:&nbsp;<\/strong>60\u00d760 \/ 40\u00d760 \/ 20\u00d760 \/ 30\u00d740 \/ 20\u00d730 cm<\/p>\n\n\n\n<p><strong>Bandes:&nbsp;<\/strong>20-30-40 x 60 cm<\/p>\n\n\n\n<p><strong>Pour une Utilisation en Ext\u00e9rieur<\/strong>:<br><strong>Carrelage:&nbsp;<\/strong>120 x 60 x 2 cm,&nbsp;<strong>Base:&nbsp;<\/strong>90 x&nbsp;7 x 1 cm<\/p>\n\n\n\n<p><strong>Vous trouverez ici des <a href=\"https:\/\/solnhofener-natursteinparadies.com\/2025\/fr\/example-de-pose\/solker-gres-cerame\/\">exemples de pose<\/a><\/strong><\/p>\n\n\n\n<p><\/p>\n","protected":false},"excerpt":{"rendered":"<p>SolKer\u00ae Gr\u00e8s C\u00e9rame SolKer\u00ae Gr\u00e8s C\u00e9rame Fin\u00a0\u00e0 l\u2019aspect pierre naturelle (r\u00e9sistant aux acides et au gel),\u00a0R\u00e9sistance au glissement R10 En termes d\u2019apparence, ces carreaux cuits ressemblent aux Dalles de Pierre Naturelle de Solnhofen. Ils offrent une alternative bon march\u00e9 aux Pierres Solnhofen, sont extr\u00eamement faciles \u00e0 entretenir et conviennent \u00e0 une installation int\u00e9rieure et ext\u00e9rieure, &#8230; <a title=\"SolKer\u00ae Gr\u00e8s C\u00e9rame\" class=\"read-more\" href=\"https:\/\/solnhofener-natursteinparadies.com\/2025\/fr\/produits\/solker-gres-cerame\/\" aria-label=\"Mehr Informationen \u00fcber SolKer\u00ae Gr\u00e8s C\u00e9rame\">Weiterlesen &#8230;<\/a><\/p>\n","protected":false},"author":1,"featured_media":0,"parent":18,"menu_order":6,"comment_status":"closed","ping_status":"closed","template":"","meta":{"ngg_post_thumbnail":0,"footnotes":""},"class_list":["post-1542","page","type-page","status-publish"],"yoast_head":"<!-- This site is optimized with the Yoast SEO plugin v27.4 - https:\/\/yoast.com\/product\/yoast-seo-wordpress\/ -->\n<title>Produits Solker - Solnhofen Paradis De La Pierre Naturelle<\/title>\n<meta name=\"description\" content=\"Produits Solker - Solnhofen Paradis De La Pierre Naturelle\" \/>\n<meta name=\"robots\" content=\"index, follow, max-snippet:-1, max-image-preview:large, max-video-preview:-1\" \/>\n<link rel=\"canonical\" href=\"https:\/\/solnhofener-natursteinparadies.com\/2025\/fr\/produits\/solker-gres-cerame\/\" \/>\n<meta property=\"og:locale\" content=\"de_DE\" \/>\n<meta property=\"og:type\" content=\"article\" \/>\n<meta property=\"og:title\" content=\"Produits Solker - Solnhofen Paradis De La Pierre Naturelle\" \/>\n<meta property=\"og:description\" content=\"Produits Solker - Solnhofen Paradis De La Pierre Naturelle\" \/>\n<meta property=\"og:url\" content=\"https:\/\/solnhofener-natursteinparadies.com\/2025\/fr\/produits\/solker-gres-cerame\/\" \/>\n<meta property=\"og:site_name\" content=\"Solnhofener Natursteinparadies\" \/>\n<meta property=\"article:modified_time\" content=\"2025-07-20T19:01:17+00:00\" \/>\n<meta property=\"og:image\" content=\"https:\/\/solnhofener-natursteinparadies.com\/2025\/wp-content\/uploads\/2025\/07\/Produkte_Solker-2.jpg\" \/>\n\t<meta property=\"og:image:width\" content=\"400\" \/>\n\t<meta property=\"og:image:height\" content=\"379\" \/>\n\t<meta property=\"og:image:type\" content=\"image\/jpeg\" \/>\n<meta name=\"twitter:card\" content=\"summary_large_image\" \/>\n<meta name=\"twitter:label1\" content=\"Gesch\u00e4tzte Lesezeit\" \/>\n\t<meta name=\"twitter:data1\" content=\"3\u00a0Minuten\" \/>\n<script type=\"application\/ld+json\" class=\"yoast-schema-graph\">{\"@context\":\"https:\\\/\\\/schema.org\",\"@graph\":[{\"@type\":\"WebPage\",\"@id\":\"https:\\\/\\\/solnhofener-natursteinparadies.com\\\/2025\\\/fr\\\/produits\\\/solker-gres-cerame\\\/\",\"url\":\"https:\\\/\\\/solnhofener-natursteinparadies.com\\\/2025\\\/fr\\\/produits\\\/solker-gres-cerame\\\/\",\"name\":\"Produits Solker - Solnhofen Paradis De La Pierre Naturelle\",\"isPartOf\":{\"@id\":\"https:\\\/\\\/solnhofener-natursteinparadies.com\\\/2025\\\/#website\"},\"primaryImageOfPage\":{\"@id\":\"https:\\\/\\\/solnhofener-natursteinparadies.com\\\/2025\\\/fr\\\/produits\\\/solker-gres-cerame\\\/#primaryimage\"},\"image\":{\"@id\":\"https:\\\/\\\/solnhofener-natursteinparadies.com\\\/2025\\\/fr\\\/produits\\\/solker-gres-cerame\\\/#primaryimage\"},\"thumbnailUrl\":\"https:\\\/\\\/solnhofener-natursteinparadies.com\\\/2025\\\/wp-content\\\/uploads\\\/2025\\\/07\\\/Produkte_Solker-2.jpg\",\"datePublished\":\"2025-07-20T14:05:49+00:00\",\"dateModified\":\"2025-07-20T19:01:17+00:00\",\"description\":\"Produits Solker - Solnhofen Paradis De La Pierre Naturelle\",\"breadcrumb\":{\"@id\":\"https:\\\/\\\/solnhofener-natursteinparadies.com\\\/2025\\\/fr\\\/produits\\\/solker-gres-cerame\\\/#breadcrumb\"},\"inLanguage\":\"de\",\"potentialAction\":[{\"@type\":\"ReadAction\",\"target\":[\"https:\\\/\\\/solnhofener-natursteinparadies.com\\\/2025\\\/fr\\\/produits\\\/solker-gres-cerame\\\/\"]}]},{\"@type\":\"ImageObject\",\"inLanguage\":\"de\",\"@id\":\"https:\\\/\\\/solnhofener-natursteinparadies.com\\\/2025\\\/fr\\\/produits\\\/solker-gres-cerame\\\/#primaryimage\",\"url\":\"https:\\\/\\\/solnhofener-natursteinparadies.com\\\/2025\\\/wp-content\\\/uploads\\\/2025\\\/07\\\/Produkte_Solker-2.jpg\",\"contentUrl\":\"https:\\\/\\\/solnhofener-natursteinparadies.com\\\/2025\\\/wp-content\\\/uploads\\\/2025\\\/07\\\/Produkte_Solker-2.jpg\",\"width\":400,\"height\":379},{\"@type\":\"BreadcrumbList\",\"@id\":\"https:\\\/\\\/solnhofener-natursteinparadies.com\\\/2025\\\/fr\\\/produits\\\/solker-gres-cerame\\\/#breadcrumb\",\"itemListElement\":[{\"@type\":\"ListItem\",\"position\":1,\"name\":\"Startseite\",\"item\":\"https:\\\/\\\/solnhofener-natursteinparadies.com\\\/2025\\\/\"},{\"@type\":\"ListItem\",\"position\":2,\"name\":\"Produits\",\"item\":\"https:\\\/\\\/solnhofener-natursteinparadies.com\\\/2025\\\/fr\\\/produits\\\/\"},{\"@type\":\"ListItem\",\"position\":3,\"name\":\"SolKer\u00ae Gr\u00e8s C\u00e9rame\"}]},{\"@type\":\"WebSite\",\"@id\":\"https:\\\/\\\/solnhofener-natursteinparadies.com\\\/2025\\\/#website\",\"url\":\"https:\\\/\\\/solnhofener-natursteinparadies.com\\\/2025\\\/\",\"name\":\"Solnhofener Natursteinparadies\",\"description\":\"\",\"publisher\":{\"@id\":\"https:\\\/\\\/solnhofener-natursteinparadies.com\\\/2025\\\/#organization\"},\"potentialAction\":[{\"@type\":\"SearchAction\",\"target\":{\"@type\":\"EntryPoint\",\"urlTemplate\":\"https:\\\/\\\/solnhofener-natursteinparadies.com\\\/2025\\\/?s={search_term_string}\"},\"query-input\":{\"@type\":\"PropertyValueSpecification\",\"valueRequired\":true,\"valueName\":\"search_term_string\"}}],\"inLanguage\":\"de\"},{\"@type\":\"Organization\",\"@id\":\"https:\\\/\\\/solnhofener-natursteinparadies.com\\\/2025\\\/#organization\",\"name\":\"Solnhofener Natursteinparadies\",\"url\":\"https:\\\/\\\/solnhofener-natursteinparadies.com\\\/2025\\\/\",\"logo\":{\"@type\":\"ImageObject\",\"inLanguage\":\"de\",\"@id\":\"https:\\\/\\\/solnhofener-natursteinparadies.com\\\/2025\\\/#\\\/schema\\\/logo\\\/image\\\/\",\"url\":\"https:\\\/\\\/solnhofener-natursteinparadies.com\\\/2025\\\/wp-content\\\/uploads\\\/2025\\\/06\\\/header-3.jpg\",\"contentUrl\":\"https:\\\/\\\/solnhofener-natursteinparadies.com\\\/2025\\\/wp-content\\\/uploads\\\/2025\\\/06\\\/header-3.jpg\",\"width\":1200,\"height\":230,\"caption\":\"Solnhofener Natursteinparadies\"},\"image\":{\"@id\":\"https:\\\/\\\/solnhofener-natursteinparadies.com\\\/2025\\\/#\\\/schema\\\/logo\\\/image\\\/\"}}]}<\/script>\n<!-- \/ Yoast SEO plugin. -->","yoast_head_json":{"title":"Produits Solker - Solnhofen Paradis De La Pierre Naturelle","description":"Produits Solker - Solnhofen Paradis De La Pierre Naturelle","robots":{"index":"index","follow":"follow","max-snippet":"max-snippet:-1","max-image-preview":"max-image-preview:large","max-video-preview":"max-video-preview:-1"},"canonical":"https:\/\/solnhofener-natursteinparadies.com\/2025\/fr\/produits\/solker-gres-cerame\/","og_locale":"de_DE","og_type":"article","og_title":"Produits Solker - Solnhofen Paradis De La Pierre Naturelle","og_description":"Produits Solker - Solnhofen Paradis De La Pierre Naturelle","og_url":"https:\/\/solnhofener-natursteinparadies.com\/2025\/fr\/produits\/solker-gres-cerame\/","og_site_name":"Solnhofener Natursteinparadies","article_modified_time":"2025-07-20T19:01:17+00:00","og_image":[{"width":400,"height":379,"url":"https:\/\/solnhofener-natursteinparadies.com\/2025\/wp-content\/uploads\/2025\/07\/Produkte_Solker-2.jpg","type":"image\/jpeg"}],"twitter_card":"summary_large_image","twitter_misc":{"Gesch\u00e4tzte Lesezeit":"3\u00a0Minuten"},"schema":{"@context":"https:\/\/schema.org","@graph":[{"@type":"WebPage","@id":"https:\/\/solnhofener-natursteinparadies.com\/2025\/fr\/produits\/solker-gres-cerame\/","url":"https:\/\/solnhofener-natursteinparadies.com\/2025\/fr\/produits\/solker-gres-cerame\/","name":"Produits Solker - Solnhofen Paradis De La Pierre Naturelle","isPartOf":{"@id":"https:\/\/solnhofener-natursteinparadies.com\/2025\/#website"},"primaryImageOfPage":{"@id":"https:\/\/solnhofener-natursteinparadies.com\/2025\/fr\/produits\/solker-gres-cerame\/#primaryimage"},"image":{"@id":"https:\/\/solnhofener-natursteinparadies.com\/2025\/fr\/produits\/solker-gres-cerame\/#primaryimage"},"thumbnailUrl":"https:\/\/solnhofener-natursteinparadies.com\/2025\/wp-content\/uploads\/2025\/07\/Produkte_Solker-2.jpg","datePublished":"2025-07-20T14:05:49+00:00","dateModified":"2025-07-20T19:01:17+00:00","description":"Produits Solker - Solnhofen Paradis De La Pierre Naturelle","breadcrumb":{"@id":"https:\/\/solnhofener-natursteinparadies.com\/2025\/fr\/produits\/solker-gres-cerame\/#breadcrumb"},"inLanguage":"de","potentialAction":[{"@type":"ReadAction","target":["https:\/\/solnhofener-natursteinparadies.com\/2025\/fr\/produits\/solker-gres-cerame\/"]}]},{"@type":"ImageObject","inLanguage":"de","@id":"https:\/\/solnhofener-natursteinparadies.com\/2025\/fr\/produits\/solker-gres-cerame\/#primaryimage","url":"https:\/\/solnhofener-natursteinparadies.com\/2025\/wp-content\/uploads\/2025\/07\/Produkte_Solker-2.jpg","contentUrl":"https:\/\/solnhofener-natursteinparadies.com\/2025\/wp-content\/uploads\/2025\/07\/Produkte_Solker-2.jpg","width":400,"height":379},{"@type":"BreadcrumbList","@id":"https:\/\/solnhofener-natursteinparadies.com\/2025\/fr\/produits\/solker-gres-cerame\/#breadcrumb","itemListElement":[{"@type":"ListItem","position":1,"name":"Startseite","item":"https:\/\/solnhofener-natursteinparadies.com\/2025\/"},{"@type":"ListItem","position":2,"name":"Produits","item":"https:\/\/solnhofener-natursteinparadies.com\/2025\/fr\/produits\/"},{"@type":"ListItem","position":3,"name":"SolKer\u00ae Gr\u00e8s C\u00e9rame"}]},{"@type":"WebSite","@id":"https:\/\/solnhofener-natursteinparadies.com\/2025\/#website","url":"https:\/\/solnhofener-natursteinparadies.com\/2025\/","name":"Solnhofener Natursteinparadies","description":"","publisher":{"@id":"https:\/\/solnhofener-natursteinparadies.com\/2025\/#organization"},"potentialAction":[{"@type":"SearchAction","target":{"@type":"EntryPoint","urlTemplate":"https:\/\/solnhofener-natursteinparadies.com\/2025\/?s={search_term_string}"},"query-input":{"@type":"PropertyValueSpecification","valueRequired":true,"valueName":"search_term_string"}}],"inLanguage":"de"},{"@type":"Organization","@id":"https:\/\/solnhofener-natursteinparadies.com\/2025\/#organization","name":"Solnhofener Natursteinparadies","url":"https:\/\/solnhofener-natursteinparadies.com\/2025\/","logo":{"@type":"ImageObject","inLanguage":"de","@id":"https:\/\/solnhofener-natursteinparadies.com\/2025\/#\/schema\/logo\/image\/","url":"https:\/\/solnhofener-natursteinparadies.com\/2025\/wp-content\/uploads\/2025\/06\/header-3.jpg","contentUrl":"https:\/\/solnhofener-natursteinparadies.com\/2025\/wp-content\/uploads\/2025\/06\/header-3.jpg","width":1200,"height":230,"caption":"Solnhofener Natursteinparadies"},"image":{"@id":"https:\/\/solnhofener-natursteinparadies.com\/2025\/#\/schema\/logo\/image\/"}}]}},"jetpack_sharing_enabled":true,"_links":{"self":[{"href":"https:\/\/solnhofener-natursteinparadies.com\/2025\/wp-json\/wp\/v2\/pages\/1542","targetHints":{"allow":["GET"]}}],"collection":[{"href":"https:\/\/solnhofener-natursteinparadies.com\/2025\/wp-json\/wp\/v2\/pages"}],"about":[{"href":"https:\/\/solnhofener-natursteinparadies.com\/2025\/wp-json\/wp\/v2\/types\/page"}],"author":[{"embeddable":true,"href":"https:\/\/solnhofener-natursteinparadies.com\/2025\/wp-json\/wp\/v2\/users\/1"}],"replies":[{"embeddable":true,"href":"https:\/\/solnhofener-natursteinparadies.com\/2025\/wp-json\/wp\/v2\/comments?post=1542"}],"version-history":[{"count":1,"href":"https:\/\/solnhofener-natursteinparadies.com\/2025\/wp-json\/wp\/v2\/pages\/1542\/revisions"}],"predecessor-version":[{"id":1545,"href":"https:\/\/solnhofener-natursteinparadies.com\/2025\/wp-json\/wp\/v2\/pages\/1542\/revisions\/1545"}],"up":[{"embeddable":true,"href":"https:\/\/solnhofener-natursteinparadies.com\/2025\/wp-json\/wp\/v2\/pages\/18"}],"wp:attachment":[{"href":"https:\/\/solnhofener-natursteinparadies.com\/2025\/wp-json\/wp\/v2\/media?parent=1542"}],"curies":[{"name":"wp","href":"https:\/\/api.w.org\/{rel}","templated":true}]}}