{"id":155,"date":"2025-06-20T19:04:09","date_gmt":"2025-06-20T17:04:09","guid":{"rendered":"https:\/\/solnhofener-natursteinparadies.com\/2025\/?page_id=155"},"modified":"2025-07-27T12:33:50","modified_gmt":"2025-07-27T10:33:50","slug":"caracteristiques-techniques","status":"publish","type":"page","link":"https:\/\/solnhofener-natursteinparadies.com\/2025\/fr\/caracteristiques-techniques\/","title":{"rendered":"Caract\u00e9ristiques Techniques"},"content":{"rendered":"\n<h1 class=\"wp-block-heading\"><strong>Caract\u00e9ristiques Techniques<\/strong><\/h1>\n\n\n\n<h5 class=\"wp-block-heading\"><strong><br>Type de pierre Solnhofen<\/strong><\/h5>\n\n\n\n<ul class=\"wp-block-list\">\n<li>calcaire \u00e0 tr\u00e8s haute densit\u00e9 et l\u2019homog\u00e9n\u00e9it\u00e9<\/li>\n<\/ul>\n\n\n<div class=\"wp-block-image\">\n<figure class=\"alignright size-full\"><img loading=\"lazy\" decoding=\"async\" width=\"400\" height=\"400\" src=\"https:\/\/solnhofener-natursteinparadies.com\/2025\/wp-content\/uploads\/2025\/06\/Technisch_oben-2.jpg\" alt=\"Caract\u00e9ristiques Techniques - Solnhofen Paradis De La Pierre Naturelle\" class=\"wp-image-1004\" srcset=\"https:\/\/solnhofener-natursteinparadies.com\/2025\/wp-content\/uploads\/2025\/06\/Technisch_oben-2.jpg 400w, https:\/\/solnhofener-natursteinparadies.com\/2025\/wp-content\/uploads\/2025\/06\/Technisch_oben-2-300x300.jpg 300w, https:\/\/solnhofener-natursteinparadies.com\/2025\/wp-content\/uploads\/2025\/06\/Technisch_oben-2-150x150.jpg 150w\" sizes=\"auto, (max-width: 400px) 100vw, 400px\" \/><\/figure>\n<\/div>\n\n\n<h5 class=\"wp-block-heading\"><strong>Utilisation<\/strong><\/h5>\n\n\n\n<ul class=\"wp-block-list\">\n<li>rev\u00eatements de sol<\/li>\n\n\n\n<li>rev\u00eatements muraux<\/li>\n\n\n\n<li>escaliers<\/li>\n\n\n\n<li>appuis de fen\u00eatre<\/li>\n\n\n\n<li>surfaces de&nbsp;travails hygi\u00e9niques<\/li>\n\n\n\n<li>all\u00e9es de&nbsp;jardin<\/li>\n\n\n\n<li>murs&nbsp;et chemins (ils sont praticables et&nbsp; stables!)<\/li>\n\n\n\n<li>\u00c0 l\u00b4int\u00e9rieur (salles de bains, douches, surfaces de plan de travail hygi\u00e9niques dans les cuisines!)<\/li>\n\n\n\n<li>\u00c0 l\u2019ext\u00e9rieur<\/li>\n\n\n\n<li>dans les espaces priv\u00e9s et publics<\/li>\n\n\n\n<li>\u00e9galement id\u00e9al pour la conception artistique individuelle!<\/li>\n<\/ul>\n\n\n\n<h5 class=\"wp-block-heading\"><strong>Caract\u00e9ristiques de base<\/strong><\/h5>\n\n\n\n<ul class=\"wp-block-list\">\n<li>R\u00e9sistant \u00e0 la lumi\u00e8re et grand teint<\/li>\n\n\n\n<li>solide, non-glissement,&nbsp;antid\u00e9rapant&nbsp;<strong>R13<\/strong>&nbsp;(gr\u00e2ce \u00e0 sa&nbsp;surface naturelle rugueuse)<\/li>\n\n\n\n<li>tr\u00e8s r\u00e9sistant&nbsp; \u00e0 l\u2019abrasion<\/li>\n\n\n\n<li>extr\u00eamement durable (donc parfaitement adapt\u00e9 aux espaces priv\u00e9s et publics)<\/li>\n\n\n\n<li>Nettoyage facile et peu co\u00fbteux avec juste de l\u2019eau et \/ ou du savon noir.<\/li>\n<\/ul>\n\n\n\n<h5 class=\"wp-block-heading\"><strong>Propri\u00e9t\u00e9s biologiques de construction<\/strong><\/h5>\n\n\n\n<ul class=\"wp-block-list\">\n<li>excellentes propri\u00e9t\u00e9s biologiques du b\u00e2timent<\/li>\n\n\n\n<li><em><strong>100% sans rayonnement!<\/strong><\/em>(Contrairement \u00e0 certains granits et ardoises!)<\/li>\n\n\n\n<li><strong><em>pas d\u2019\u00e9vaporation (bu\u00e9e)&nbsp;comme avec certaines pierres artificielles!<\/em><\/strong><\/li>\n\n\n\n<li><strong>La Nature fait la Difference!<\/strong><\/li>\n<\/ul>\n\n\n\n<h5 class=\"wp-block-heading\"><strong>Couleurs<\/strong><\/h5>\n\n\n\n<p>couleurs chaudes, dans le jeu naturel de cr\u00e8me clair sur <\/p>\n\n\n\n<ul class=\"wp-block-list\">\n<li>jaune<\/li>\n\n\n\n<li>beige<\/li>\n\n\n\n<li>marron clair<\/li>\n\n\n\n<li>gris<\/li>\n<\/ul>\n\n\n\n<p><strong>Composition chimique:&nbsp;<\/strong>environ 98% de CaCO<sub>3<\/sub>, de 0,5 \u00e0 2% MgCO<sub>3<\/sub><\/p>\n\n\n\n<p><strong>Poids brut:&nbsp;<\/strong>2.55 kg\/dm\u00b3<\/p>\n\n\n\n<p><strong>R\u00e9sistance \u00e0 la compression:<\/strong> 215 N\/mm\u00b2 (selon DIN 52105)<\/p>\n\n\n\n<p><strong>R\u00e9sistance \u00e0 la flexion:<\/strong> 28,6 N\/mm\u00b2<\/p>\n\n\n\n<p><strong>Conductivit\u00e9 thermique:<\/strong> 2,3 W\/m \u00d7 K<\/p>\n\n\n\n<p><strong>Absorption d\u2019eau:<\/strong> 1,4% en poids<\/p>\n\n\n\n<p><strong>Surfaces:&nbsp;R13<\/strong>&nbsp;naturel rugueux, surface naturelle rugueuse<\/p>\n\n\n\n<p><strong>R\u00e9gulation:<\/strong> \u00e0 l\u2019int\u00e9rieur au moins&nbsp;<strong>R9<\/strong>, \u00e0 l\u2019ext\u00e9rieur au moins&nbsp;<strong>R11<\/strong><\/p>\n\n\n\n<h5 class=\"wp-block-heading\"><strong>Pose<\/strong><\/h5>\n\n\n\n<p>Pour la pose en couche \u00e9paisse, moyenne ou mince, selon l\u2019\u00e9paisseur des dalles et le support, les pierres sont livr\u00e9s dans le calibre de tol\u00e9rance de votre choix, donn\u00e9 par la nature. Le r\u00e9glage en hauteur a lieu dans le lit de mortier. Veuillez noter les instructions d\u2019installation!<\/p>\n\n\n\n<h5 class=\"wp-block-heading\"><strong>Chauffage par le sol<\/strong><\/h5>\n\n\n\n<p>Les pierres naturelles conviennent parfaitement comme&nbsp;rev\u00eatement de chauffage par le sol en raison de leur haute densit\u00e9 et de leur homog\u00e9n\u00e9it\u00e9.<\/p>\n\n\n\n<h5 class=\"wp-block-heading\"><strong>R\u00e9sistance au gel<\/strong><\/h5>\n\n\n\n<p>Dans le cas des calcaires, une r\u00e9sistance parfaite au gel ne peut \u00eatre garantie, mais <strong>gr\u00e2ce \u00e0 l\u2019asym\u00e9trie des plaques polygonales, cela n\u2019a pas d\u00b4importance optiquement.<\/strong><\/p>\n\n\n\n<p><em>Veuillez noter qu\u2019il s\u2019agit de produits naturels dont la couleur, la forme et la texture peuvent diff\u00e9rer de la repr\u00e9sentation. Les variations de couleur et de structure sont donn\u00e9es par la nature. Elles ne peuvent \u00eatre ni influenc\u00e9es ni \u00e9vit\u00e9es et sont autoris\u00e9es dans la teinte de couleur et la structure rocheuse selon DIN 18332. Cela inclut \u00e9galement les oxydations typiques des inclusions contenant du fer mangan\u00e8se (dendrites), qui peuvent entra\u00eener des changements de couleur.<\/em><\/p>\n","protected":false},"excerpt":{"rendered":"<p>Caract\u00e9ristiques Techniques Type de pierre Solnhofen Utilisation Caract\u00e9ristiques de base Propri\u00e9t\u00e9s biologiques de construction Couleurs couleurs chaudes, dans le jeu naturel de cr\u00e8me clair sur Composition chimique:&nbsp;environ 98% de CaCO3, de 0,5 \u00e0 2% MgCO3 Poids brut:&nbsp;2.55 kg\/dm\u00b3 R\u00e9sistance \u00e0 la compression: 215 N\/mm\u00b2 (selon DIN 52105) R\u00e9sistance \u00e0 la flexion: 28,6 N\/mm\u00b2 Conductivit\u00e9 thermique: &#8230; <a title=\"Caract\u00e9ristiques Techniques\" class=\"read-more\" href=\"https:\/\/solnhofener-natursteinparadies.com\/2025\/fr\/caracteristiques-techniques\/\" aria-label=\"Mehr Informationen \u00fcber Caract\u00e9ristiques Techniques\">Weiterlesen &#8230;<\/a><\/p>\n","protected":false},"author":1,"featured_media":0,"parent":0,"menu_order":103,"comment_status":"closed","ping_status":"closed","template":"","meta":{"ngg_post_thumbnail":0,"footnotes":""},"class_list":["post-155","page","type-page","status-publish"],"yoast_head":"<!-- This site is optimized with the Yoast SEO plugin v27.4 - https:\/\/yoast.com\/product\/yoast-seo-wordpress\/ -->\n<title>Caract\u00e9ristiques Techniques - Solnhofen Paradis De La Piere<\/title>\n<meta name=\"robots\" content=\"index, follow, max-snippet:-1, max-image-preview:large, max-video-preview:-1\" \/>\n<link rel=\"canonical\" href=\"https:\/\/solnhofener-natursteinparadies.com\/2025\/fr\/caracteristiques-techniques\/\" \/>\n<meta property=\"og:locale\" content=\"de_DE\" \/>\n<meta property=\"og:type\" content=\"article\" \/>\n<meta property=\"og:title\" content=\"Caract\u00e9ristiques Techniques - Solnhofen Paradis De La Piere\" \/>\n<meta property=\"og:description\" content=\"Caract\u00e9ristiques Techniques Type de pierre Solnhofen Utilisation Caract\u00e9ristiques de base Propri\u00e9t\u00e9s biologiques de construction Couleurs couleurs chaudes, dans le jeu naturel de cr\u00e8me clair sur Composition chimique:&nbsp;environ 98% de CaCO3, de 0,5 \u00e0 2% MgCO3 Poids brut:&nbsp;2.55 kg\/dm\u00b3 R\u00e9sistance \u00e0 la compression: 215 N\/mm\u00b2 (selon DIN 52105) R\u00e9sistance \u00e0 la flexion: 28,6 N\/mm\u00b2 Conductivit\u00e9 thermique: ... Weiterlesen ...\" \/>\n<meta property=\"og:url\" content=\"https:\/\/solnhofener-natursteinparadies.com\/2025\/fr\/caracteristiques-techniques\/\" \/>\n<meta property=\"og:site_name\" content=\"Solnhofener Natursteinparadies\" \/>\n<meta property=\"article:modified_time\" content=\"2025-07-27T10:33:50+00:00\" \/>\n<meta property=\"og:image\" content=\"https:\/\/solnhofener-natursteinparadies.com\/2025\/wp-content\/uploads\/2025\/06\/Technisch_oben-2.jpg\" \/>\n\t<meta property=\"og:image:width\" content=\"400\" \/>\n\t<meta property=\"og:image:height\" content=\"400\" \/>\n\t<meta property=\"og:image:type\" content=\"image\/jpeg\" \/>\n<meta name=\"twitter:card\" content=\"summary_large_image\" \/>\n<meta name=\"twitter:label1\" content=\"Gesch\u00e4tzte Lesezeit\" \/>\n\t<meta name=\"twitter:data1\" content=\"3\u00a0Minuten\" \/>\n<script type=\"application\/ld+json\" class=\"yoast-schema-graph\">{\"@context\":\"https:\\\/\\\/schema.org\",\"@graph\":[{\"@type\":\"WebPage\",\"@id\":\"https:\\\/\\\/solnhofener-natursteinparadies.com\\\/2025\\\/fr\\\/caracteristiques-techniques\\\/\",\"url\":\"https:\\\/\\\/solnhofener-natursteinparadies.com\\\/2025\\\/fr\\\/caracteristiques-techniques\\\/\",\"name\":\"Caract\u00e9ristiques Techniques - Solnhofen Paradis De La Piere\",\"isPartOf\":{\"@id\":\"https:\\\/\\\/solnhofener-natursteinparadies.com\\\/2025\\\/#website\"},\"primaryImageOfPage\":{\"@id\":\"https:\\\/\\\/solnhofener-natursteinparadies.com\\\/2025\\\/fr\\\/caracteristiques-techniques\\\/#primaryimage\"},\"image\":{\"@id\":\"https:\\\/\\\/solnhofener-natursteinparadies.com\\\/2025\\\/fr\\\/caracteristiques-techniques\\\/#primaryimage\"},\"thumbnailUrl\":\"https:\\\/\\\/solnhofener-natursteinparadies.com\\\/2025\\\/wp-content\\\/uploads\\\/2025\\\/06\\\/Technisch_oben-2.jpg\",\"datePublished\":\"2025-06-20T17:04:09+00:00\",\"dateModified\":\"2025-07-27T10:33:50+00:00\",\"breadcrumb\":{\"@id\":\"https:\\\/\\\/solnhofener-natursteinparadies.com\\\/2025\\\/fr\\\/caracteristiques-techniques\\\/#breadcrumb\"},\"inLanguage\":\"de\",\"potentialAction\":[{\"@type\":\"ReadAction\",\"target\":[\"https:\\\/\\\/solnhofener-natursteinparadies.com\\\/2025\\\/fr\\\/caracteristiques-techniques\\\/\"]}]},{\"@type\":\"ImageObject\",\"inLanguage\":\"de\",\"@id\":\"https:\\\/\\\/solnhofener-natursteinparadies.com\\\/2025\\\/fr\\\/caracteristiques-techniques\\\/#primaryimage\",\"url\":\"https:\\\/\\\/solnhofener-natursteinparadies.com\\\/2025\\\/wp-content\\\/uploads\\\/2025\\\/06\\\/Technisch_oben-2.jpg\",\"contentUrl\":\"https:\\\/\\\/solnhofener-natursteinparadies.com\\\/2025\\\/wp-content\\\/uploads\\\/2025\\\/06\\\/Technisch_oben-2.jpg\",\"width\":400,\"height\":400},{\"@type\":\"BreadcrumbList\",\"@id\":\"https:\\\/\\\/solnhofener-natursteinparadies.com\\\/2025\\\/fr\\\/caracteristiques-techniques\\\/#breadcrumb\",\"itemListElement\":[{\"@type\":\"ListItem\",\"position\":1,\"name\":\"Startseite\",\"item\":\"https:\\\/\\\/solnhofener-natursteinparadies.com\\\/2025\\\/\"},{\"@type\":\"ListItem\",\"position\":2,\"name\":\"Caract\u00e9ristiques Techniques\"}]},{\"@type\":\"WebSite\",\"@id\":\"https:\\\/\\\/solnhofener-natursteinparadies.com\\\/2025\\\/#website\",\"url\":\"https:\\\/\\\/solnhofener-natursteinparadies.com\\\/2025\\\/\",\"name\":\"Solnhofener Natursteinparadies\",\"description\":\"\",\"publisher\":{\"@id\":\"https:\\\/\\\/solnhofener-natursteinparadies.com\\\/2025\\\/#organization\"},\"potentialAction\":[{\"@type\":\"SearchAction\",\"target\":{\"@type\":\"EntryPoint\",\"urlTemplate\":\"https:\\\/\\\/solnhofener-natursteinparadies.com\\\/2025\\\/?s={search_term_string}\"},\"query-input\":{\"@type\":\"PropertyValueSpecification\",\"valueRequired\":true,\"valueName\":\"search_term_string\"}}],\"inLanguage\":\"de\"},{\"@type\":\"Organization\",\"@id\":\"https:\\\/\\\/solnhofener-natursteinparadies.com\\\/2025\\\/#organization\",\"name\":\"Solnhofener Natursteinparadies\",\"url\":\"https:\\\/\\\/solnhofener-natursteinparadies.com\\\/2025\\\/\",\"logo\":{\"@type\":\"ImageObject\",\"inLanguage\":\"de\",\"@id\":\"https:\\\/\\\/solnhofener-natursteinparadies.com\\\/2025\\\/#\\\/schema\\\/logo\\\/image\\\/\",\"url\":\"https:\\\/\\\/solnhofener-natursteinparadies.com\\\/2025\\\/wp-content\\\/uploads\\\/2025\\\/06\\\/header-3.jpg\",\"contentUrl\":\"https:\\\/\\\/solnhofener-natursteinparadies.com\\\/2025\\\/wp-content\\\/uploads\\\/2025\\\/06\\\/header-3.jpg\",\"width\":1200,\"height\":230,\"caption\":\"Solnhofener Natursteinparadies\"},\"image\":{\"@id\":\"https:\\\/\\\/solnhofener-natursteinparadies.com\\\/2025\\\/#\\\/schema\\\/logo\\\/image\\\/\"}}]}<\/script>\n<!-- \/ Yoast SEO plugin. -->","yoast_head_json":{"title":"Caract\u00e9ristiques Techniques - Solnhofen Paradis De La Piere","robots":{"index":"index","follow":"follow","max-snippet":"max-snippet:-1","max-image-preview":"max-image-preview:large","max-video-preview":"max-video-preview:-1"},"canonical":"https:\/\/solnhofener-natursteinparadies.com\/2025\/fr\/caracteristiques-techniques\/","og_locale":"de_DE","og_type":"article","og_title":"Caract\u00e9ristiques Techniques - Solnhofen Paradis De La Piere","og_description":"Caract\u00e9ristiques Techniques Type de pierre Solnhofen Utilisation Caract\u00e9ristiques de base Propri\u00e9t\u00e9s biologiques de construction Couleurs couleurs chaudes, dans le jeu naturel de cr\u00e8me clair sur Composition chimique:&nbsp;environ 98% de CaCO3, de 0,5 \u00e0 2% MgCO3 Poids brut:&nbsp;2.55 kg\/dm\u00b3 R\u00e9sistance \u00e0 la compression: 215 N\/mm\u00b2 (selon DIN 52105) R\u00e9sistance \u00e0 la flexion: 28,6 N\/mm\u00b2 Conductivit\u00e9 thermique: ... Weiterlesen ...","og_url":"https:\/\/solnhofener-natursteinparadies.com\/2025\/fr\/caracteristiques-techniques\/","og_site_name":"Solnhofener Natursteinparadies","article_modified_time":"2025-07-27T10:33:50+00:00","og_image":[{"width":400,"height":400,"url":"https:\/\/solnhofener-natursteinparadies.com\/2025\/wp-content\/uploads\/2025\/06\/Technisch_oben-2.jpg","type":"image\/jpeg"}],"twitter_card":"summary_large_image","twitter_misc":{"Gesch\u00e4tzte Lesezeit":"3\u00a0Minuten"},"schema":{"@context":"https:\/\/schema.org","@graph":[{"@type":"WebPage","@id":"https:\/\/solnhofener-natursteinparadies.com\/2025\/fr\/caracteristiques-techniques\/","url":"https:\/\/solnhofener-natursteinparadies.com\/2025\/fr\/caracteristiques-techniques\/","name":"Caract\u00e9ristiques Techniques - Solnhofen Paradis De La Piere","isPartOf":{"@id":"https:\/\/solnhofener-natursteinparadies.com\/2025\/#website"},"primaryImageOfPage":{"@id":"https:\/\/solnhofener-natursteinparadies.com\/2025\/fr\/caracteristiques-techniques\/#primaryimage"},"image":{"@id":"https:\/\/solnhofener-natursteinparadies.com\/2025\/fr\/caracteristiques-techniques\/#primaryimage"},"thumbnailUrl":"https:\/\/solnhofener-natursteinparadies.com\/2025\/wp-content\/uploads\/2025\/06\/Technisch_oben-2.jpg","datePublished":"2025-06-20T17:04:09+00:00","dateModified":"2025-07-27T10:33:50+00:00","breadcrumb":{"@id":"https:\/\/solnhofener-natursteinparadies.com\/2025\/fr\/caracteristiques-techniques\/#breadcrumb"},"inLanguage":"de","potentialAction":[{"@type":"ReadAction","target":["https:\/\/solnhofener-natursteinparadies.com\/2025\/fr\/caracteristiques-techniques\/"]}]},{"@type":"ImageObject","inLanguage":"de","@id":"https:\/\/solnhofener-natursteinparadies.com\/2025\/fr\/caracteristiques-techniques\/#primaryimage","url":"https:\/\/solnhofener-natursteinparadies.com\/2025\/wp-content\/uploads\/2025\/06\/Technisch_oben-2.jpg","contentUrl":"https:\/\/solnhofener-natursteinparadies.com\/2025\/wp-content\/uploads\/2025\/06\/Technisch_oben-2.jpg","width":400,"height":400},{"@type":"BreadcrumbList","@id":"https:\/\/solnhofener-natursteinparadies.com\/2025\/fr\/caracteristiques-techniques\/#breadcrumb","itemListElement":[{"@type":"ListItem","position":1,"name":"Startseite","item":"https:\/\/solnhofener-natursteinparadies.com\/2025\/"},{"@type":"ListItem","position":2,"name":"Caract\u00e9ristiques Techniques"}]},{"@type":"WebSite","@id":"https:\/\/solnhofener-natursteinparadies.com\/2025\/#website","url":"https:\/\/solnhofener-natursteinparadies.com\/2025\/","name":"Solnhofener Natursteinparadies","description":"","publisher":{"@id":"https:\/\/solnhofener-natursteinparadies.com\/2025\/#organization"},"potentialAction":[{"@type":"SearchAction","target":{"@type":"EntryPoint","urlTemplate":"https:\/\/solnhofener-natursteinparadies.com\/2025\/?s={search_term_string}"},"query-input":{"@type":"PropertyValueSpecification","valueRequired":true,"valueName":"search_term_string"}}],"inLanguage":"de"},{"@type":"Organization","@id":"https:\/\/solnhofener-natursteinparadies.com\/2025\/#organization","name":"Solnhofener Natursteinparadies","url":"https:\/\/solnhofener-natursteinparadies.com\/2025\/","logo":{"@type":"ImageObject","inLanguage":"de","@id":"https:\/\/solnhofener-natursteinparadies.com\/2025\/#\/schema\/logo\/image\/","url":"https:\/\/solnhofener-natursteinparadies.com\/2025\/wp-content\/uploads\/2025\/06\/header-3.jpg","contentUrl":"https:\/\/solnhofener-natursteinparadies.com\/2025\/wp-content\/uploads\/2025\/06\/header-3.jpg","width":1200,"height":230,"caption":"Solnhofener Natursteinparadies"},"image":{"@id":"https:\/\/solnhofener-natursteinparadies.com\/2025\/#\/schema\/logo\/image\/"}}]}},"jetpack_sharing_enabled":true,"_links":{"self":[{"href":"https:\/\/solnhofener-natursteinparadies.com\/2025\/wp-json\/wp\/v2\/pages\/155","targetHints":{"allow":["GET"]}}],"collection":[{"href":"https:\/\/solnhofener-natursteinparadies.com\/2025\/wp-json\/wp\/v2\/pages"}],"about":[{"href":"https:\/\/solnhofener-natursteinparadies.com\/2025\/wp-json\/wp\/v2\/types\/page"}],"author":[{"embeddable":true,"href":"https:\/\/solnhofener-natursteinparadies.com\/2025\/wp-json\/wp\/v2\/users\/1"}],"replies":[{"embeddable":true,"href":"https:\/\/solnhofener-natursteinparadies.com\/2025\/wp-json\/wp\/v2\/comments?post=155"}],"version-history":[{"count":11,"href":"https:\/\/solnhofener-natursteinparadies.com\/2025\/wp-json\/wp\/v2\/pages\/155\/revisions"}],"predecessor-version":[{"id":1718,"href":"https:\/\/solnhofener-natursteinparadies.com\/2025\/wp-json\/wp\/v2\/pages\/155\/revisions\/1718"}],"wp:attachment":[{"href":"https:\/\/solnhofener-natursteinparadies.com\/2025\/wp-json\/wp\/v2\/media?parent=155"}],"curies":[{"name":"wp","href":"https:\/\/api.w.org\/{rel}","templated":true}]}}