{"id":162,"date":"2025-06-20T19:07:55","date_gmt":"2025-06-20T17:07:55","guid":{"rendered":"https:\/\/solnhofener-natursteinparadies.com\/2025\/?page_id=162"},"modified":"2025-07-27T12:44:14","modified_gmt":"2025-07-27T10:44:14","slug":"nos-prix","status":"publish","type":"page","link":"https:\/\/solnhofener-natursteinparadies.com\/2025\/fr\/nos-prix\/","title":{"rendered":"Nos prix"},"content":{"rendered":"\n<h1 class=\"wp-block-heading\"><strong>Prix sur demande<\/strong><\/h1>\n\n\n\n<p><strong>Nous serions ravis de vous \u00e9tablir un devis personnalis\u00e9<\/strong><\/p>\n\n\n\n<ul class=\"wp-block-list\">\n<li>Chaque livraison est effectu\u00e9e dans des palettes bien s\u00e9curis\u00e9es<\/li>\n\n\n\n<li>Frais de transport par arrangement<\/li>\n\n\n\n<li>Aucun achat minimum!<\/li>\n\n\n\n<li>Prix pour calibrage, variantes pour surfaces et bords des dalles sur demande<\/li>\n\n\n\n<li>Dimensions sp\u00e9ciales sur demande<\/li>\n<\/ul>\n\n\n\n<h5 class=\"wp-block-heading\"><strong>Dalles Polygonales de Solnhofen<\/strong><\/h5>\n\n\n<div class=\"wp-block-image\">\n<figure class=\"alignright size-full\"><img loading=\"lazy\" decoding=\"async\" width=\"400\" height=\"400\" src=\"https:\/\/solnhofener-natursteinparadies.com\/2025\/wp-content\/uploads\/2025\/06\/Preise_oben-1.jpg\" alt=\"Nos Prix - Solnhofen Paradis De La Pierre Naturelle\" class=\"wp-image-993\" srcset=\"https:\/\/solnhofener-natursteinparadies.com\/2025\/wp-content\/uploads\/2025\/06\/Preise_oben-1.jpg 400w, https:\/\/solnhofener-natursteinparadies.com\/2025\/wp-content\/uploads\/2025\/06\/Preise_oben-1-300x300.jpg 300w, https:\/\/solnhofener-natursteinparadies.com\/2025\/wp-content\/uploads\/2025\/06\/Preise_oben-1-150x150.jpg 150w\" sizes=\"auto, (max-width: 400px) 100vw, 400px\" \/><\/figure>\n<\/div>\n\n\n<ul class=\"wp-block-list\">\n<li><strong>\u00c9paisseur env.:<\/strong>\n<ul class=\"wp-block-list\">\n<li><strong>6 \u2013 8 mm<\/strong><\/li>\n\n\n\n<li><strong>7 \u2013 12 mm<\/strong><\/li>\n\n\n\n<li><strong>13 \u2013 19 mm<\/strong><br>S\u00b4il vous pla\u00eet, veuillez choisir une \u00e9paisseur de 13 \u00e0 19 mm pour les abords de piscine et la pose ext\u00e9rieure au sol. Vous obtenez une plus grande stabilit\u00e9.<\/li>\n<\/ul>\n<\/li>\n\n\n\n<li><strong>Une Palette enti\u00e8re:<\/strong>\n<ul class=\"wp-block-list\">\n<li>6\u00a0\u2013\u00a08 mm = 50 m\u00b2<\/li>\n\n\n\n<li>7\u00a0\u2013 12 mm = 40 m\u00b2<\/li>\n\n\n\n<li>13 \u2013 19 mm = 30 m\u00b2<\/li>\n<\/ul>\n<\/li>\n<\/ul>\n\n\n\n<h5 class=\"wp-block-heading\"><strong>Nous serions heureux de vous proposer des offres pour d\u2019autres pierres telles que<\/strong><\/h5>\n\n\n\n<ul class=\"wp-block-list\">\n<li>Calcaire<\/li>\n\n\n\n<li>Granit (r\u00e9sistant aux acides et au gel)<\/li>\n\n\n\n<li>Jura-Calcaire<\/li>\n\n\n\n<li>Marbre<\/li>\n\n\n\n<li>Quartzite\u00a0(r\u00e9sistant aux acides et au gel)<\/li>\n\n\n\n<li>Travertin (r\u00e9sistant au gel)<\/li>\n\n\n\n<li>SolKer\u00ae Gr\u00e8s C\u00e9rame Fin (r\u00e9sistant aux acides et au gel)\u00a0\u00e0 l\u2019aspect pierre naturelle<\/li>\n<\/ul>\n\n\n<div class=\"wp-block-image\">\n<figure class=\"alignright size-full\"><a href=\"https:\/\/solnhofener-natursteinparadies.com\/2025\/wp-content\/uploads\/2025\/06\/Guiness.jpg\"><img loading=\"lazy\" decoding=\"async\" width=\"400\" height=\"400\" src=\"https:\/\/solnhofener-natursteinparadies.com\/2025\/wp-content\/uploads\/2025\/06\/Guiness_400-1.jpg\" alt=\"\" class=\"wp-image-1052\" srcset=\"https:\/\/solnhofener-natursteinparadies.com\/2025\/wp-content\/uploads\/2025\/06\/Guiness_400-1.jpg 400w, https:\/\/solnhofener-natursteinparadies.com\/2025\/wp-content\/uploads\/2025\/06\/Guiness_400-1-300x300.jpg 300w, https:\/\/solnhofener-natursteinparadies.com\/2025\/wp-content\/uploads\/2025\/06\/Guiness_400-1-150x150.jpg 150w\" sizes=\"auto, (max-width: 400px) 100vw, 400px\" \/><\/a><\/figure>\n<\/div>\n\n\n<h5 class=\"wp-block-heading\"><strong>Exemple pour\u00a0SolKer\u00ae Gr\u00e8s C\u00e9rame Fin<\/strong><\/h5>\n\n\n\n<p><strong>Pose int\u00e9rieure<\/strong><\/p>\n\n\n\n<ul class=\"wp-block-list\">\n<li>Carrelage 40 x 60 x 1 cm, non rectifi\u00e9<\/li>\n\n\n\n<li>Carrelage 60 x 60 x 1 cm, dimensions rectifi\u00e9es<\/li>\n\n\n\n<li>Carrelage 90 x 90 x 1 cm, dimensions rectifi\u00e9es<\/li>\n\n\n\n<li>Carrelage 30 x 60 x 1 cm, dimensions rectifi\u00e9es<\/li>\n<\/ul>\n\n\n\n<p><strong>Pose ext\u00e9rieure<\/strong><\/p>\n\n\n\n<ul class=\"wp-block-list\">\n<li>Carrelage 120 x 60 x 2 cm, dimensions rectifi\u00e9es<\/li>\n<\/ul>\n\n\n\n<h5 class=\"wp-block-heading\"><strong>Quartzite jaune\/beige\/cr\u00e8me<\/strong><\/h5>\n\n\n\n<ul class=\"wp-block-list\">\n<li><strong>r\u00e9sistant aux acides et au gel<\/strong><\/li>\n\n\n\n<li>\u00c9paisseur env.:\n<ul class=\"wp-block-list\">\n<li>8 \u2013 15 mm<\/li>\n\n\n\n<li>10 \u2013 30 mm<\/li>\n<\/ul>\n<\/li>\n<\/ul>\n\n\n\n<hr class=\"wp-block-separator has-alpha-channel-opacity\"\/>\n\n\n\n<p><strong>Nous fournissons des plinthes assorties avec des surfaces assorties pour toutes les pierres.<\/strong><\/p>\n\n\n\n<p><strong>Sur demande, nous pouvons vous proposer des mortiers et adh\u00e9sifs sp\u00e9ciaux pour pierres naturelles, ainsi que l\u2019impr\u00e9gnation.<\/strong><\/p>\n\n\n\n<p><strong>Si vous avez un grand num\u00e9ro fiscal, nous sommes en droit de vous facturer sur une base nette.<\/strong><\/p>\n\n\n\n<p>* Afin de prendre en compte les \u00e9carts dimensionnels in\u00e9vitables dans les produits naturels fabriqu\u00e9s \u00e0 la main, toutes les variables possibles sont donn\u00e9es avec des informations approximatives.<\/p>\n\n\n\n<p><em>Sur demande, nous pouvons vous fournir des instructions d\u2019installation d\u00e9taill\u00e9es!<\/em><\/p>\n\n\n\n<p>Le paiement est effectu\u00e9 \u00e0 l\u2019avance.<\/p>\n","protected":false},"excerpt":{"rendered":"<p>Prix sur demande Nous serions ravis de vous \u00e9tablir un devis personnalis\u00e9 Dalles Polygonales de Solnhofen Nous serions heureux de vous proposer des offres pour d\u2019autres pierres telles que Exemple pour\u00a0SolKer\u00ae Gr\u00e8s C\u00e9rame Fin Pose int\u00e9rieure Pose ext\u00e9rieure Quartzite jaune\/beige\/cr\u00e8me Nous fournissons des plinthes assorties avec des surfaces assorties pour toutes les pierres. Sur demande, &#8230; <a title=\"Nos prix\" class=\"read-more\" href=\"https:\/\/solnhofener-natursteinparadies.com\/2025\/fr\/nos-prix\/\" aria-label=\"Mehr Informationen \u00fcber Nos prix\">Weiterlesen &#8230;<\/a><\/p>\n","protected":false},"author":1,"featured_media":0,"parent":0,"menu_order":104,"comment_status":"closed","ping_status":"closed","template":"","meta":{"ngg_post_thumbnail":0,"footnotes":""},"class_list":["post-162","page","type-page","status-publish"],"yoast_head":"<!-- This site is optimized with the Yoast SEO plugin v27.4 - https:\/\/yoast.com\/product\/yoast-seo-wordpress\/ -->\n<title>Nos prix - Solnhofen Paradis De La Pierre Naturelle<\/title>\n<meta name=\"robots\" content=\"index, follow, max-snippet:-1, max-image-preview:large, max-video-preview:-1\" \/>\n<link rel=\"canonical\" href=\"https:\/\/solnhofener-natursteinparadies.com\/2025\/fr\/nos-prix\/\" \/>\n<meta property=\"og:locale\" content=\"de_DE\" \/>\n<meta property=\"og:type\" content=\"article\" \/>\n<meta property=\"og:title\" content=\"Nos prix - Solnhofen Paradis De La Pierre Naturelle\" \/>\n<meta property=\"og:description\" content=\"Prix sur demande Nous serions ravis de vous \u00e9tablir un devis personnalis\u00e9 Dalles Polygonales de Solnhofen Nous serions heureux de vous proposer des offres pour d\u2019autres pierres telles que Exemple pour\u00a0SolKer\u00ae Gr\u00e8s C\u00e9rame Fin Pose int\u00e9rieure Pose ext\u00e9rieure Quartzite jaune\/beige\/cr\u00e8me Nous fournissons des plinthes assorties avec des surfaces assorties pour toutes les pierres. Sur demande, ... Weiterlesen ...\" \/>\n<meta property=\"og:url\" content=\"https:\/\/solnhofener-natursteinparadies.com\/2025\/fr\/nos-prix\/\" \/>\n<meta property=\"og:site_name\" content=\"Solnhofener Natursteinparadies\" \/>\n<meta property=\"article:modified_time\" content=\"2025-07-27T10:44:14+00:00\" \/>\n<meta property=\"og:image\" content=\"https:\/\/solnhofener-natursteinparadies.com\/2025\/wp-content\/uploads\/2025\/06\/Preise_oben-1.jpg\" \/>\n\t<meta property=\"og:image:width\" content=\"400\" \/>\n\t<meta property=\"og:image:height\" content=\"400\" \/>\n\t<meta property=\"og:image:type\" content=\"image\/jpeg\" \/>\n<meta name=\"twitter:card\" content=\"summary_large_image\" \/>\n<meta name=\"twitter:label1\" content=\"Gesch\u00e4tzte Lesezeit\" \/>\n\t<meta name=\"twitter:data1\" content=\"3\u00a0Minuten\" \/>\n<script type=\"application\/ld+json\" class=\"yoast-schema-graph\">{\"@context\":\"https:\\\/\\\/schema.org\",\"@graph\":[{\"@type\":\"WebPage\",\"@id\":\"https:\\\/\\\/solnhofener-natursteinparadies.com\\\/2025\\\/fr\\\/nos-prix\\\/\",\"url\":\"https:\\\/\\\/solnhofener-natursteinparadies.com\\\/2025\\\/fr\\\/nos-prix\\\/\",\"name\":\"Nos prix - Solnhofen Paradis De La Pierre Naturelle\",\"isPartOf\":{\"@id\":\"https:\\\/\\\/solnhofener-natursteinparadies.com\\\/2025\\\/#website\"},\"primaryImageOfPage\":{\"@id\":\"https:\\\/\\\/solnhofener-natursteinparadies.com\\\/2025\\\/fr\\\/nos-prix\\\/#primaryimage\"},\"image\":{\"@id\":\"https:\\\/\\\/solnhofener-natursteinparadies.com\\\/2025\\\/fr\\\/nos-prix\\\/#primaryimage\"},\"thumbnailUrl\":\"https:\\\/\\\/solnhofener-natursteinparadies.com\\\/2025\\\/wp-content\\\/uploads\\\/2025\\\/06\\\/Preise_oben-1.jpg\",\"datePublished\":\"2025-06-20T17:07:55+00:00\",\"dateModified\":\"2025-07-27T10:44:14+00:00\",\"breadcrumb\":{\"@id\":\"https:\\\/\\\/solnhofener-natursteinparadies.com\\\/2025\\\/fr\\\/nos-prix\\\/#breadcrumb\"},\"inLanguage\":\"de\",\"potentialAction\":[{\"@type\":\"ReadAction\",\"target\":[\"https:\\\/\\\/solnhofener-natursteinparadies.com\\\/2025\\\/fr\\\/nos-prix\\\/\"]}]},{\"@type\":\"ImageObject\",\"inLanguage\":\"de\",\"@id\":\"https:\\\/\\\/solnhofener-natursteinparadies.com\\\/2025\\\/fr\\\/nos-prix\\\/#primaryimage\",\"url\":\"https:\\\/\\\/solnhofener-natursteinparadies.com\\\/2025\\\/wp-content\\\/uploads\\\/2025\\\/06\\\/Preise_oben-1.jpg\",\"contentUrl\":\"https:\\\/\\\/solnhofener-natursteinparadies.com\\\/2025\\\/wp-content\\\/uploads\\\/2025\\\/06\\\/Preise_oben-1.jpg\",\"width\":400,\"height\":400},{\"@type\":\"BreadcrumbList\",\"@id\":\"https:\\\/\\\/solnhofener-natursteinparadies.com\\\/2025\\\/fr\\\/nos-prix\\\/#breadcrumb\",\"itemListElement\":[{\"@type\":\"ListItem\",\"position\":1,\"name\":\"Startseite\",\"item\":\"https:\\\/\\\/solnhofener-natursteinparadies.com\\\/2025\\\/\"},{\"@type\":\"ListItem\",\"position\":2,\"name\":\"Nos prix\"}]},{\"@type\":\"WebSite\",\"@id\":\"https:\\\/\\\/solnhofener-natursteinparadies.com\\\/2025\\\/#website\",\"url\":\"https:\\\/\\\/solnhofener-natursteinparadies.com\\\/2025\\\/\",\"name\":\"Solnhofener Natursteinparadies\",\"description\":\"\",\"publisher\":{\"@id\":\"https:\\\/\\\/solnhofener-natursteinparadies.com\\\/2025\\\/#organization\"},\"potentialAction\":[{\"@type\":\"SearchAction\",\"target\":{\"@type\":\"EntryPoint\",\"urlTemplate\":\"https:\\\/\\\/solnhofener-natursteinparadies.com\\\/2025\\\/?s={search_term_string}\"},\"query-input\":{\"@type\":\"PropertyValueSpecification\",\"valueRequired\":true,\"valueName\":\"search_term_string\"}}],\"inLanguage\":\"de\"},{\"@type\":\"Organization\",\"@id\":\"https:\\\/\\\/solnhofener-natursteinparadies.com\\\/2025\\\/#organization\",\"name\":\"Solnhofener Natursteinparadies\",\"url\":\"https:\\\/\\\/solnhofener-natursteinparadies.com\\\/2025\\\/\",\"logo\":{\"@type\":\"ImageObject\",\"inLanguage\":\"de\",\"@id\":\"https:\\\/\\\/solnhofener-natursteinparadies.com\\\/2025\\\/#\\\/schema\\\/logo\\\/image\\\/\",\"url\":\"https:\\\/\\\/solnhofener-natursteinparadies.com\\\/2025\\\/wp-content\\\/uploads\\\/2025\\\/06\\\/header-3.jpg\",\"contentUrl\":\"https:\\\/\\\/solnhofener-natursteinparadies.com\\\/2025\\\/wp-content\\\/uploads\\\/2025\\\/06\\\/header-3.jpg\",\"width\":1200,\"height\":230,\"caption\":\"Solnhofener Natursteinparadies\"},\"image\":{\"@id\":\"https:\\\/\\\/solnhofener-natursteinparadies.com\\\/2025\\\/#\\\/schema\\\/logo\\\/image\\\/\"}}]}<\/script>\n<!-- \/ Yoast SEO plugin. -->","yoast_head_json":{"title":"Nos prix - Solnhofen Paradis De La Pierre Naturelle","robots":{"index":"index","follow":"follow","max-snippet":"max-snippet:-1","max-image-preview":"max-image-preview:large","max-video-preview":"max-video-preview:-1"},"canonical":"https:\/\/solnhofener-natursteinparadies.com\/2025\/fr\/nos-prix\/","og_locale":"de_DE","og_type":"article","og_title":"Nos prix - Solnhofen Paradis De La Pierre Naturelle","og_description":"Prix sur demande Nous serions ravis de vous \u00e9tablir un devis personnalis\u00e9 Dalles Polygonales de Solnhofen Nous serions heureux de vous proposer des offres pour d\u2019autres pierres telles que Exemple pour\u00a0SolKer\u00ae Gr\u00e8s C\u00e9rame Fin Pose int\u00e9rieure Pose ext\u00e9rieure Quartzite jaune\/beige\/cr\u00e8me Nous fournissons des plinthes assorties avec des surfaces assorties pour toutes les pierres. Sur demande, ... Weiterlesen ...","og_url":"https:\/\/solnhofener-natursteinparadies.com\/2025\/fr\/nos-prix\/","og_site_name":"Solnhofener Natursteinparadies","article_modified_time":"2025-07-27T10:44:14+00:00","og_image":[{"width":400,"height":400,"url":"https:\/\/solnhofener-natursteinparadies.com\/2025\/wp-content\/uploads\/2025\/06\/Preise_oben-1.jpg","type":"image\/jpeg"}],"twitter_card":"summary_large_image","twitter_misc":{"Gesch\u00e4tzte Lesezeit":"3\u00a0Minuten"},"schema":{"@context":"https:\/\/schema.org","@graph":[{"@type":"WebPage","@id":"https:\/\/solnhofener-natursteinparadies.com\/2025\/fr\/nos-prix\/","url":"https:\/\/solnhofener-natursteinparadies.com\/2025\/fr\/nos-prix\/","name":"Nos prix - Solnhofen Paradis De La Pierre Naturelle","isPartOf":{"@id":"https:\/\/solnhofener-natursteinparadies.com\/2025\/#website"},"primaryImageOfPage":{"@id":"https:\/\/solnhofener-natursteinparadies.com\/2025\/fr\/nos-prix\/#primaryimage"},"image":{"@id":"https:\/\/solnhofener-natursteinparadies.com\/2025\/fr\/nos-prix\/#primaryimage"},"thumbnailUrl":"https:\/\/solnhofener-natursteinparadies.com\/2025\/wp-content\/uploads\/2025\/06\/Preise_oben-1.jpg","datePublished":"2025-06-20T17:07:55+00:00","dateModified":"2025-07-27T10:44:14+00:00","breadcrumb":{"@id":"https:\/\/solnhofener-natursteinparadies.com\/2025\/fr\/nos-prix\/#breadcrumb"},"inLanguage":"de","potentialAction":[{"@type":"ReadAction","target":["https:\/\/solnhofener-natursteinparadies.com\/2025\/fr\/nos-prix\/"]}]},{"@type":"ImageObject","inLanguage":"de","@id":"https:\/\/solnhofener-natursteinparadies.com\/2025\/fr\/nos-prix\/#primaryimage","url":"https:\/\/solnhofener-natursteinparadies.com\/2025\/wp-content\/uploads\/2025\/06\/Preise_oben-1.jpg","contentUrl":"https:\/\/solnhofener-natursteinparadies.com\/2025\/wp-content\/uploads\/2025\/06\/Preise_oben-1.jpg","width":400,"height":400},{"@type":"BreadcrumbList","@id":"https:\/\/solnhofener-natursteinparadies.com\/2025\/fr\/nos-prix\/#breadcrumb","itemListElement":[{"@type":"ListItem","position":1,"name":"Startseite","item":"https:\/\/solnhofener-natursteinparadies.com\/2025\/"},{"@type":"ListItem","position":2,"name":"Nos prix"}]},{"@type":"WebSite","@id":"https:\/\/solnhofener-natursteinparadies.com\/2025\/#website","url":"https:\/\/solnhofener-natursteinparadies.com\/2025\/","name":"Solnhofener Natursteinparadies","description":"","publisher":{"@id":"https:\/\/solnhofener-natursteinparadies.com\/2025\/#organization"},"potentialAction":[{"@type":"SearchAction","target":{"@type":"EntryPoint","urlTemplate":"https:\/\/solnhofener-natursteinparadies.com\/2025\/?s={search_term_string}"},"query-input":{"@type":"PropertyValueSpecification","valueRequired":true,"valueName":"search_term_string"}}],"inLanguage":"de"},{"@type":"Organization","@id":"https:\/\/solnhofener-natursteinparadies.com\/2025\/#organization","name":"Solnhofener Natursteinparadies","url":"https:\/\/solnhofener-natursteinparadies.com\/2025\/","logo":{"@type":"ImageObject","inLanguage":"de","@id":"https:\/\/solnhofener-natursteinparadies.com\/2025\/#\/schema\/logo\/image\/","url":"https:\/\/solnhofener-natursteinparadies.com\/2025\/wp-content\/uploads\/2025\/06\/header-3.jpg","contentUrl":"https:\/\/solnhofener-natursteinparadies.com\/2025\/wp-content\/uploads\/2025\/06\/header-3.jpg","width":1200,"height":230,"caption":"Solnhofener Natursteinparadies"},"image":{"@id":"https:\/\/solnhofener-natursteinparadies.com\/2025\/#\/schema\/logo\/image\/"}}]}},"jetpack_sharing_enabled":true,"_links":{"self":[{"href":"https:\/\/solnhofener-natursteinparadies.com\/2025\/wp-json\/wp\/v2\/pages\/162","targetHints":{"allow":["GET"]}}],"collection":[{"href":"https:\/\/solnhofener-natursteinparadies.com\/2025\/wp-json\/wp\/v2\/pages"}],"about":[{"href":"https:\/\/solnhofener-natursteinparadies.com\/2025\/wp-json\/wp\/v2\/types\/page"}],"author":[{"embeddable":true,"href":"https:\/\/solnhofener-natursteinparadies.com\/2025\/wp-json\/wp\/v2\/users\/1"}],"replies":[{"embeddable":true,"href":"https:\/\/solnhofener-natursteinparadies.com\/2025\/wp-json\/wp\/v2\/comments?post=162"}],"version-history":[{"count":16,"href":"https:\/\/solnhofener-natursteinparadies.com\/2025\/wp-json\/wp\/v2\/pages\/162\/revisions"}],"predecessor-version":[{"id":1726,"href":"https:\/\/solnhofener-natursteinparadies.com\/2025\/wp-json\/wp\/v2\/pages\/162\/revisions\/1726"}],"wp:attachment":[{"href":"https:\/\/solnhofener-natursteinparadies.com\/2025\/wp-json\/wp\/v2\/media?parent=162"}],"curies":[{"name":"wp","href":"https:\/\/api.w.org\/{rel}","templated":true}]}}