{"id":18,"date":"2025-06-19T15:20:53","date_gmt":"2025-06-19T13:20:53","guid":{"rendered":"https:\/\/solnhofener-natursteinparadies.com\/2025\/?page_id=18"},"modified":"2025-08-03T17:32:09","modified_gmt":"2025-08-03T15:32:09","slug":"produits","status":"publish","type":"page","link":"https:\/\/solnhofener-natursteinparadies.com\/2025\/fr\/produits\/","title":{"rendered":"Produits"},"content":{"rendered":"\n<h1 class=\"wp-block-heading\"><strong>Nos Exemples de Produits<\/strong><\/h1>\n\n\n\n<p><strong>Mesures sp\u00e9ciales sur demande!<\/strong> &#8211; <strong>Nous serions heureux de vous faire une offre individuelle.<\/strong><\/p>\n\n\n\n<p><em>(Pour plus d&#8217;informations, veuillez cliquer sur l&#8217;image appropri\u00e9e)<\/em><\/p>\n\n\n\n<p><a href=\"https:\/\/solnhofener-natursteinparadies.com\/2025\/fr\/produits\/dalles-polygonales\/\"><img decoding=\"async\" class=\"wp-image-1095\" src=\"https:\/\/solnhofener-natursteinparadies.com\/2025\/wp-content\/uploads\/2025\/07\/Produits_Polygonal.jpg\" alt=\"\"><\/a> <a href=\"https:\/\/solnhofener-natursteinparadies.com\/2025\/fr\/produits\/dalles-de-format\/\"><img decoding=\"async\" class=\"wp-image-1095\" src=\"https:\/\/solnhofener-natursteinparadies.com\/2025\/wp-content\/uploads\/2025\/07\/Produits_Dalles.jpg\" alt=\"\"><\/a> <a href=\"https:\/\/solnhofener-natursteinparadies.com\/2025\/fr\/produits\/jura-calcaire\/\"><img decoding=\"async\" class=\"wp-image-1095\" src=\"https:\/\/solnhofener-natursteinparadies.com\/2025\/wp-content\/uploads\/2025\/07\/Produits_Calcaire.jpg\" alt=\"\"><\/a><\/p>\n\n\n\n<p><a href=\"https:\/\/solnhofener-natursteinparadies.com\/2025\/fr\/produits\/travertin\/\"><img decoding=\"async\" class=\"wp-image-1095\" src=\"https:\/\/solnhofener-natursteinparadies.com\/2025\/wp-content\/uploads\/2025\/07\/Produits_Travertin.jpg\" alt=\"\"><\/a> <a href=\"https:\/\/solnhofener-natursteinparadies.com\/2025\/fr\/produits\/quartzite\/\"><img decoding=\"async\" class=\"wp-image-1095\" src=\"https:\/\/solnhofener-natursteinparadies.com\/2025\/wp-content\/uploads\/2025\/07\/Produits_Quarzite.jpg\" alt=\"\"><\/a> <a href=\"https:\/\/solnhofener-natursteinparadies.com\/2025\/fr\/produits\/solker-gres-cerame\/\"><img decoding=\"async\" class=\"wp-image-1095\" src=\"https:\/\/solnhofener-natursteinparadies.com\/2025\/wp-content\/uploads\/2025\/07\/Produits_Solker.jpg\" alt=\"\"><\/a><\/p>\n\n\n\n<p><a href=\"https:\/\/solnhofener-natursteinparadies.com\/2025\/fr\/produits\/plinthes\/\"><img decoding=\"async\" class=\"wp-image-1095\" src=\"https:\/\/solnhofener-natursteinparadies.com\/2025\/wp-content\/uploads\/2025\/07\/Produits_Plinthes.jpg\" alt=\"\"><\/a> <a href=\"https:\/\/solnhofener-natursteinparadies.com\/2025\/fr\/produits\/escaliers\/\"><img decoding=\"async\" class=\"wp-image-1095\" src=\"https:\/\/solnhofener-natursteinparadies.com\/2025\/wp-content\/uploads\/2025\/07\/Produits_Escaliers.jpg\" alt=\"\"><\/a> <a href=\"https:\/\/solnhofener-natursteinparadies.com\/2025\/fr\/produits\/traitement-des-bords-et-des-surfaces\/\"><img decoding=\"async\" class=\"wp-image-1095\" src=\"https:\/\/solnhofener-natursteinparadies.com\/2025\/wp-content\/uploads\/2025\/08\/Produits_Surfaces.jpg\" alt=\"\"><\/a><\/p>\n\n\n\n<p><a href=\"https:\/\/solnhofener-natursteinparadies.com\/2025\/fr\/produits\/particularites\/\"><img decoding=\"async\" class=\"wp-image-1095\" src=\"https:\/\/solnhofener-natursteinparadies.com\/2025\/wp-content\/uploads\/2025\/08\/Produits_Particularites.jpg\" alt=\"\"><\/a><\/p>\n\n\n\n<hr class=\"wp-block-separator has-alpha-channel-opacity\"\/>\n\n\n\n<h5 class=\"wp-block-heading\"><strong>Informations G\u00e9n\u00e9rales<\/strong><\/h5>\n\n\n\n<ul class=\"wp-block-list\">\n<li><strong>Particularit\u00e9s:<\/strong>&nbsp;vous acqu\u00e9rez 147 millions d\u2019ann\u00e9es d\u2019histoire g\u00e9ologique d\u2019une mer tropicale<\/li>\n\n\n\n<li><strong>Surfaces:<\/strong>&nbsp;naturel rugueux R13, antid\u00e9rapantes! R\u00e9pond aux exigences des b\u00e2timents publics<\/li>\n\n\n\n<li><strong>Options de surface:<\/strong>&nbsp;ponc\u00e9 ou finement ponc\u00e9, poli, poli mat, bross\u00e9, d\u00e9gringol\u00e9, sabl\u00e9<\/li>\n\n\n\n<li><strong>Variations de bord:<\/strong>&nbsp;d\u00e9coup\u00e9s, arrondis, rectifi\u00e9s (bords \u00e0 90\u00b0)<\/li>\n<\/ul>\n\n\n\n<h5 class=\"wp-block-heading\"><strong>Utilisation<\/strong><\/h5>\n\n\n<div class=\"wp-block-image\">\n<figure class=\"alignright size-full\"><img loading=\"lazy\" decoding=\"async\" width=\"400\" height=\"394\" src=\"https:\/\/solnhofener-natursteinparadies.com\/2025\/wp-content\/uploads\/2025\/07\/Bild_Produkte-1.jpg\" alt=\"Produits - Solnhofen Paradis De La Pierre Naturelle\" class=\"wp-image-1697\" srcset=\"https:\/\/solnhofener-natursteinparadies.com\/2025\/wp-content\/uploads\/2025\/07\/Bild_Produkte-1.jpg 400w, https:\/\/solnhofener-natursteinparadies.com\/2025\/wp-content\/uploads\/2025\/07\/Bild_Produkte-1-300x296.jpg 300w\" sizes=\"auto, (max-width: 400px) 100vw, 400px\" \/><\/figure>\n<\/div>\n\n\n<p>Excellent&nbsp;<strong>MAT\u00c9RIAU DE CONSTRUCTION BIO<\/strong>&nbsp;pour les murs et les sols \u00e0 l\u2019int\u00e9rieur (salles de bains, douches, saunas, appuis de fen\u00eatre, surfaces de plan de travail hygi\u00e9niques dans les cuisines!) Et \u00e0 l\u2019ext\u00e9rieur (fa\u00e7ades, all\u00e9es de jardin, all\u00e9es, escaliers, bordure de piscine), le plus fin, le plus r\u00e9sistant au gel. Lors de la pose de calcaire \u00e0 l\u2019ext\u00e9rieur, une r\u00e9sistance totale au gel ne peut jamais \u00eatre compl\u00e8tement garantie, mais gr\u00e2ce \u00e0 l\u2019asym\u00e9trie des dalles polygonales, cela n\u2019a pas d\u2019importance optiquement. Avec nos pierres naturelles, vous pouvez cr\u00e9er tous les styles, de l\u2019\u00e9l\u00e9gant au moderne en passant par le rustique, ainsi que le style m\u00e9diterran\u00e9en et campagnard, individuellement selon votre go\u00fbt. Les pierres naturelles sont \u00e9galement id\u00e9ales pour la conception artistique individuelle.<\/p>\n\n\n\n<p><strong>Entretien:<\/strong>&nbsp;uniquement de l\u2019eau et\/ou du savon noir&nbsp;<\/p>\n\n\n\n<p><strong>Caract\u00e9ristiques:<\/strong>&nbsp;100% sans rayonnement<\/p>\n\n\n\n<p><strong>\u00c2ge:<\/strong>&nbsp;147 millions d\u2019ann\u00e9es!<\/p>\n\n\n\n<p><em>Sur demande, nous pouvons vous fournir des instructions d\u2019installation d\u00e9taill\u00e9es! Voir \u00e9galement les <a href=\"https:\/\/solnhofener-natursteinparadies.com\/2025\/fr\/example-de-pose\/\">exemples de pose<\/a>.<\/em><\/p>\n","protected":false},"excerpt":{"rendered":"<p>Nos Exemples de Produits Mesures sp\u00e9ciales sur demande! &#8211; Nous serions heureux de vous faire une offre individuelle. (Pour plus d&#8217;informations, veuillez cliquer sur l&#8217;image appropri\u00e9e) Informations G\u00e9n\u00e9rales Utilisation Excellent&nbsp;MAT\u00c9RIAU DE CONSTRUCTION BIO&nbsp;pour les murs et les sols \u00e0 l\u2019int\u00e9rieur (salles de bains, douches, saunas, appuis de fen\u00eatre, surfaces de plan de travail hygi\u00e9niques dans &#8230; <a title=\"Produits\" class=\"read-more\" href=\"https:\/\/solnhofener-natursteinparadies.com\/2025\/fr\/produits\/\" aria-label=\"Mehr Informationen \u00fcber Produits\">Weiterlesen &#8230;<\/a><\/p>\n","protected":false},"author":1,"featured_media":0,"parent":0,"menu_order":101,"comment_status":"closed","ping_status":"closed","template":"","meta":{"ngg_post_thumbnail":0,"footnotes":""},"class_list":["post-18","page","type-page","status-publish"],"yoast_head":"<!-- This site is optimized with the Yoast SEO plugin v27.4 - https:\/\/yoast.com\/product\/yoast-seo-wordpress\/ -->\n<title>Produits - Solnhofen Paradis De La Pierre Naturelle<\/title>\n<meta name=\"robots\" content=\"index, follow, max-snippet:-1, max-image-preview:large, max-video-preview:-1\" \/>\n<link rel=\"canonical\" href=\"https:\/\/solnhofener-natursteinparadies.com\/2025\/fr\/produits\/\" \/>\n<meta property=\"og:locale\" content=\"de_DE\" \/>\n<meta property=\"og:type\" content=\"article\" \/>\n<meta property=\"og:title\" content=\"Produits - Solnhofen Paradis De La Pierre Naturelle\" \/>\n<meta property=\"og:description\" content=\"Nos Exemples de Produits Mesures sp\u00e9ciales sur demande! &#8211; Nous serions heureux de vous faire une offre individuelle. (Pour plus d&#8217;informations, veuillez cliquer sur l&#8217;image appropri\u00e9e) Informations G\u00e9n\u00e9rales Utilisation Excellent&nbsp;MAT\u00c9RIAU DE CONSTRUCTION BIO&nbsp;pour les murs et les sols \u00e0 l\u2019int\u00e9rieur (salles de bains, douches, saunas, appuis de fen\u00eatre, surfaces de plan de travail hygi\u00e9niques dans ... Weiterlesen ...\" \/>\n<meta property=\"og:url\" content=\"https:\/\/solnhofener-natursteinparadies.com\/2025\/fr\/produits\/\" \/>\n<meta property=\"og:site_name\" content=\"Solnhofener Natursteinparadies\" \/>\n<meta property=\"article:modified_time\" content=\"2025-08-03T15:32:09+00:00\" \/>\n<meta property=\"og:image\" content=\"https:\/\/solnhofener-natursteinparadies.com\/2025\/wp-content\/uploads\/2025\/07\/Produkt_Poly.jpg\" \/>\n\t<meta property=\"og:image:width\" content=\"400\" \/>\n\t<meta property=\"og:image:height\" content=\"307\" \/>\n\t<meta property=\"og:image:type\" content=\"image\/jpeg\" \/>\n<meta name=\"twitter:card\" content=\"summary_large_image\" \/>\n<meta name=\"twitter:label1\" content=\"Gesch\u00e4tzte Lesezeit\" \/>\n\t<meta name=\"twitter:data1\" content=\"4\u00a0Minuten\" \/>\n<script type=\"application\/ld+json\" class=\"yoast-schema-graph\">{\"@context\":\"https:\\\/\\\/schema.org\",\"@graph\":[{\"@type\":\"WebPage\",\"@id\":\"https:\\\/\\\/solnhofener-natursteinparadies.com\\\/2025\\\/fr\\\/produits\\\/\",\"url\":\"https:\\\/\\\/solnhofener-natursteinparadies.com\\\/2025\\\/fr\\\/produits\\\/\",\"name\":\"Produits - Solnhofen Paradis De La Pierre Naturelle\",\"isPartOf\":{\"@id\":\"https:\\\/\\\/solnhofener-natursteinparadies.com\\\/2025\\\/#website\"},\"primaryImageOfPage\":{\"@id\":\"https:\\\/\\\/solnhofener-natursteinparadies.com\\\/2025\\\/fr\\\/produits\\\/#primaryimage\"},\"image\":{\"@id\":\"https:\\\/\\\/solnhofener-natursteinparadies.com\\\/2025\\\/fr\\\/produits\\\/#primaryimage\"},\"thumbnailUrl\":\"https:\\\/\\\/solnhofener-natursteinparadies.com\\\/2025\\\/wp-content\\\/uploads\\\/2025\\\/07\\\/Produits_Polygonal.jpg\",\"datePublished\":\"2025-06-19T13:20:53+00:00\",\"dateModified\":\"2025-08-03T15:32:09+00:00\",\"breadcrumb\":{\"@id\":\"https:\\\/\\\/solnhofener-natursteinparadies.com\\\/2025\\\/fr\\\/produits\\\/#breadcrumb\"},\"inLanguage\":\"de\",\"potentialAction\":[{\"@type\":\"ReadAction\",\"target\":[\"https:\\\/\\\/solnhofener-natursteinparadies.com\\\/2025\\\/fr\\\/produits\\\/\"]}]},{\"@type\":\"ImageObject\",\"inLanguage\":\"de\",\"@id\":\"https:\\\/\\\/solnhofener-natursteinparadies.com\\\/2025\\\/fr\\\/produits\\\/#primaryimage\",\"url\":\"https:\\\/\\\/solnhofener-natursteinparadies.com\\\/2025\\\/wp-content\\\/uploads\\\/2025\\\/07\\\/Produkt_Poly.jpg\",\"contentUrl\":\"https:\\\/\\\/solnhofener-natursteinparadies.com\\\/2025\\\/wp-content\\\/uploads\\\/2025\\\/07\\\/Produkt_Poly.jpg\",\"width\":400,\"height\":307},{\"@type\":\"BreadcrumbList\",\"@id\":\"https:\\\/\\\/solnhofener-natursteinparadies.com\\\/2025\\\/fr\\\/produits\\\/#breadcrumb\",\"itemListElement\":[{\"@type\":\"ListItem\",\"position\":1,\"name\":\"Startseite\",\"item\":\"https:\\\/\\\/solnhofener-natursteinparadies.com\\\/2025\\\/\"},{\"@type\":\"ListItem\",\"position\":2,\"name\":\"Produits\"}]},{\"@type\":\"WebSite\",\"@id\":\"https:\\\/\\\/solnhofener-natursteinparadies.com\\\/2025\\\/#website\",\"url\":\"https:\\\/\\\/solnhofener-natursteinparadies.com\\\/2025\\\/\",\"name\":\"Solnhofener Natursteinparadies\",\"description\":\"\",\"publisher\":{\"@id\":\"https:\\\/\\\/solnhofener-natursteinparadies.com\\\/2025\\\/#organization\"},\"potentialAction\":[{\"@type\":\"SearchAction\",\"target\":{\"@type\":\"EntryPoint\",\"urlTemplate\":\"https:\\\/\\\/solnhofener-natursteinparadies.com\\\/2025\\\/?s={search_term_string}\"},\"query-input\":{\"@type\":\"PropertyValueSpecification\",\"valueRequired\":true,\"valueName\":\"search_term_string\"}}],\"inLanguage\":\"de\"},{\"@type\":\"Organization\",\"@id\":\"https:\\\/\\\/solnhofener-natursteinparadies.com\\\/2025\\\/#organization\",\"name\":\"Solnhofener Natursteinparadies\",\"url\":\"https:\\\/\\\/solnhofener-natursteinparadies.com\\\/2025\\\/\",\"logo\":{\"@type\":\"ImageObject\",\"inLanguage\":\"de\",\"@id\":\"https:\\\/\\\/solnhofener-natursteinparadies.com\\\/2025\\\/#\\\/schema\\\/logo\\\/image\\\/\",\"url\":\"https:\\\/\\\/solnhofener-natursteinparadies.com\\\/2025\\\/wp-content\\\/uploads\\\/2025\\\/06\\\/header-3.jpg\",\"contentUrl\":\"https:\\\/\\\/solnhofener-natursteinparadies.com\\\/2025\\\/wp-content\\\/uploads\\\/2025\\\/06\\\/header-3.jpg\",\"width\":1200,\"height\":230,\"caption\":\"Solnhofener Natursteinparadies\"},\"image\":{\"@id\":\"https:\\\/\\\/solnhofener-natursteinparadies.com\\\/2025\\\/#\\\/schema\\\/logo\\\/image\\\/\"}}]}<\/script>\n<!-- \/ Yoast SEO plugin. -->","yoast_head_json":{"title":"Produits - Solnhofen Paradis De La Pierre Naturelle","robots":{"index":"index","follow":"follow","max-snippet":"max-snippet:-1","max-image-preview":"max-image-preview:large","max-video-preview":"max-video-preview:-1"},"canonical":"https:\/\/solnhofener-natursteinparadies.com\/2025\/fr\/produits\/","og_locale":"de_DE","og_type":"article","og_title":"Produits - Solnhofen Paradis De La Pierre Naturelle","og_description":"Nos Exemples de Produits Mesures sp\u00e9ciales sur demande! &#8211; Nous serions heureux de vous faire une offre individuelle. (Pour plus d&#8217;informations, veuillez cliquer sur l&#8217;image appropri\u00e9e) Informations G\u00e9n\u00e9rales Utilisation Excellent&nbsp;MAT\u00c9RIAU DE CONSTRUCTION BIO&nbsp;pour les murs et les sols \u00e0 l\u2019int\u00e9rieur (salles de bains, douches, saunas, appuis de fen\u00eatre, surfaces de plan de travail hygi\u00e9niques dans ... Weiterlesen ...","og_url":"https:\/\/solnhofener-natursteinparadies.com\/2025\/fr\/produits\/","og_site_name":"Solnhofener Natursteinparadies","article_modified_time":"2025-08-03T15:32:09+00:00","og_image":[{"width":400,"height":307,"url":"https:\/\/solnhofener-natursteinparadies.com\/2025\/wp-content\/uploads\/2025\/07\/Produkt_Poly.jpg","type":"image\/jpeg"}],"twitter_card":"summary_large_image","twitter_misc":{"Gesch\u00e4tzte Lesezeit":"4\u00a0Minuten"},"schema":{"@context":"https:\/\/schema.org","@graph":[{"@type":"WebPage","@id":"https:\/\/solnhofener-natursteinparadies.com\/2025\/fr\/produits\/","url":"https:\/\/solnhofener-natursteinparadies.com\/2025\/fr\/produits\/","name":"Produits - Solnhofen Paradis De La Pierre Naturelle","isPartOf":{"@id":"https:\/\/solnhofener-natursteinparadies.com\/2025\/#website"},"primaryImageOfPage":{"@id":"https:\/\/solnhofener-natursteinparadies.com\/2025\/fr\/produits\/#primaryimage"},"image":{"@id":"https:\/\/solnhofener-natursteinparadies.com\/2025\/fr\/produits\/#primaryimage"},"thumbnailUrl":"https:\/\/solnhofener-natursteinparadies.com\/2025\/wp-content\/uploads\/2025\/07\/Produits_Polygonal.jpg","datePublished":"2025-06-19T13:20:53+00:00","dateModified":"2025-08-03T15:32:09+00:00","breadcrumb":{"@id":"https:\/\/solnhofener-natursteinparadies.com\/2025\/fr\/produits\/#breadcrumb"},"inLanguage":"de","potentialAction":[{"@type":"ReadAction","target":["https:\/\/solnhofener-natursteinparadies.com\/2025\/fr\/produits\/"]}]},{"@type":"ImageObject","inLanguage":"de","@id":"https:\/\/solnhofener-natursteinparadies.com\/2025\/fr\/produits\/#primaryimage","url":"https:\/\/solnhofener-natursteinparadies.com\/2025\/wp-content\/uploads\/2025\/07\/Produkt_Poly.jpg","contentUrl":"https:\/\/solnhofener-natursteinparadies.com\/2025\/wp-content\/uploads\/2025\/07\/Produkt_Poly.jpg","width":400,"height":307},{"@type":"BreadcrumbList","@id":"https:\/\/solnhofener-natursteinparadies.com\/2025\/fr\/produits\/#breadcrumb","itemListElement":[{"@type":"ListItem","position":1,"name":"Startseite","item":"https:\/\/solnhofener-natursteinparadies.com\/2025\/"},{"@type":"ListItem","position":2,"name":"Produits"}]},{"@type":"WebSite","@id":"https:\/\/solnhofener-natursteinparadies.com\/2025\/#website","url":"https:\/\/solnhofener-natursteinparadies.com\/2025\/","name":"Solnhofener Natursteinparadies","description":"","publisher":{"@id":"https:\/\/solnhofener-natursteinparadies.com\/2025\/#organization"},"potentialAction":[{"@type":"SearchAction","target":{"@type":"EntryPoint","urlTemplate":"https:\/\/solnhofener-natursteinparadies.com\/2025\/?s={search_term_string}"},"query-input":{"@type":"PropertyValueSpecification","valueRequired":true,"valueName":"search_term_string"}}],"inLanguage":"de"},{"@type":"Organization","@id":"https:\/\/solnhofener-natursteinparadies.com\/2025\/#organization","name":"Solnhofener Natursteinparadies","url":"https:\/\/solnhofener-natursteinparadies.com\/2025\/","logo":{"@type":"ImageObject","inLanguage":"de","@id":"https:\/\/solnhofener-natursteinparadies.com\/2025\/#\/schema\/logo\/image\/","url":"https:\/\/solnhofener-natursteinparadies.com\/2025\/wp-content\/uploads\/2025\/06\/header-3.jpg","contentUrl":"https:\/\/solnhofener-natursteinparadies.com\/2025\/wp-content\/uploads\/2025\/06\/header-3.jpg","width":1200,"height":230,"caption":"Solnhofener Natursteinparadies"},"image":{"@id":"https:\/\/solnhofener-natursteinparadies.com\/2025\/#\/schema\/logo\/image\/"}}]}},"jetpack_sharing_enabled":true,"_links":{"self":[{"href":"https:\/\/solnhofener-natursteinparadies.com\/2025\/wp-json\/wp\/v2\/pages\/18","targetHints":{"allow":["GET"]}}],"collection":[{"href":"https:\/\/solnhofener-natursteinparadies.com\/2025\/wp-json\/wp\/v2\/pages"}],"about":[{"href":"https:\/\/solnhofener-natursteinparadies.com\/2025\/wp-json\/wp\/v2\/types\/page"}],"author":[{"embeddable":true,"href":"https:\/\/solnhofener-natursteinparadies.com\/2025\/wp-json\/wp\/v2\/users\/1"}],"replies":[{"embeddable":true,"href":"https:\/\/solnhofener-natursteinparadies.com\/2025\/wp-json\/wp\/v2\/comments?post=18"}],"version-history":[{"count":29,"href":"https:\/\/solnhofener-natursteinparadies.com\/2025\/wp-json\/wp\/v2\/pages\/18\/revisions"}],"predecessor-version":[{"id":2001,"href":"https:\/\/solnhofener-natursteinparadies.com\/2025\/wp-json\/wp\/v2\/pages\/18\/revisions\/2001"}],"wp:attachment":[{"href":"https:\/\/solnhofener-natursteinparadies.com\/2025\/wp-json\/wp\/v2\/media?parent=18"}],"curies":[{"name":"wp","href":"https:\/\/api.w.org\/{rel}","templated":true}]}}