{"id":9,"date":"2025-06-19T15:00:34","date_gmt":"2025-06-19T13:00:34","guid":{"rendered":"https:\/\/solnhofener-natursteinparadies.com\/2025\/?page_id=9"},"modified":"2025-08-03T17:22:58","modified_gmt":"2025-08-03T15:22:58","slug":"page-daccueil","status":"publish","type":"page","link":"https:\/\/solnhofener-natursteinparadies.com\/2025\/fr\/page-daccueil\/","title":{"rendered":"Page d&#8217;accueil"},"content":{"rendered":"<div class=\"wp-block-image\">\n<figure class=\"aligncenter size-full\"><img loading=\"lazy\" decoding=\"async\" width=\"912\" height=\"184\" src=\"https:\/\/solnhofener-natursteinparadies.com\/2025\/wp-content\/uploads\/2025\/06\/Start_kopf-1.jpg\" alt=\"Page d'accueil - Solnhofen Paradis De La Pierre Naturelle\" class=\"wp-image-150\" srcset=\"https:\/\/solnhofener-natursteinparadies.com\/2025\/wp-content\/uploads\/2025\/06\/Start_kopf-1.jpg 912w, https:\/\/solnhofener-natursteinparadies.com\/2025\/wp-content\/uploads\/2025\/06\/Start_kopf-1-300x61.jpg 300w, https:\/\/solnhofener-natursteinparadies.com\/2025\/wp-content\/uploads\/2025\/06\/Start_kopf-1-768x155.jpg 768w\" sizes=\"auto, (max-width: 912px) 100vw, 912px\" \/><\/figure>\n<\/div>\n\n\n<p><\/p>\n\n\n\n<p class=\"has-text-align-center\">Notre pierre naturelle comme <strong>MAT\u00c9RIAU DE CONSTRUCTION ORGANIQUE<\/strong> dans sa beaut\u00e9 naturelle et son \u00e9l\u00e9gance vous inspirera!<\/p>\n\n\n\n<h5 class=\"wp-block-heading has-text-align-center has-text-color has-link-color wp-elements-e396c14058628ff838b45cf68056b220\" style=\"color:#038c4b\"><em><strong>Ressentez la puissance des pierres &#8211; Laissez-vous inspirer et enchanter<\/strong><\/em><\/h5>\n\n\n\n<p><br>Nous vous pr\u00e9sentons des pierres naturelles fascinantes de <strong>Calcaire, Granit, Jura-Calcaire, Marbre, Quartzite, Pierres de Solnhofen et Travertin.<\/strong><br>Toutes les pierres sont toujours de la plus haute qualit\u00e9 et impressionnent par leurs couleurs uniques. Une pierre bien connue de cette s\u00e9lection sont les&nbsp;<strong>Dalles de Solnhofen<\/strong>, <strong>antid\u00e9rapant R13, donc \u00e9galement homologu\u00e9 pour les b\u00e2timents publics<\/strong>.<\/p>\n\n\n\n<p>Veuillez noter qu\u2019il s\u2019agit d\u2019un produit naturel qui peut varier en couleur, la forme et la texture de la repr\u00e9sentation.<\/p>\n\n\n\n<h5 class=\"wp-block-heading has-text-align-center\"><strong>Aucune pierre n\u00b4est identique &#8211; Chaque pierre est unique!<\/strong><\/h5>\n\n\n\n<p><strong>Des petites inclusions de fossiles (<strong>\u201e<\/strong>cr\u00e9atures\/animaux pr\u00e9historiques<strong>\u201c<\/strong>) t\u00e9moignent des temps pass\u00e9s de notre histoire g\u00e9ologique. En m\u00eame temps, ils ajoutent de la valeur et ont une beaut\u00e9 unique et \u00e9ternelle. Ils forment les bijoux individuels de leur environnement.<\/strong><\/p>\n\n\n\n<p>Convainquez-vous de la qualit\u00e9 et de l\u2019exclusivit\u00e9 de nos pierres, que nous vous proposons \u00e0 des prix \u00e9quitables, car elles proviennent directement du producteur. Nous travaillons sans interm\u00e9diaires.&nbsp;Nous serions heureux de vous conseiller sur vos projets.&nbsp;Notre cr\u00e9ateur de pierres se fera un plaisir de vous aider avec ses conseils.<\/p>\n\n\n<div class=\"wp-block-image\">\n<figure class=\"alignright size-full is-resized\"><img loading=\"lazy\" decoding=\"async\" width=\"400\" height=\"540\" src=\"https:\/\/solnhofener-natursteinparadies.com\/2025\/wp-content\/uploads\/2025\/07\/Titelseite2-1.jpg\" alt=\"\" class=\"wp-image-1701\" style=\"width:283px;height:auto\" srcset=\"https:\/\/solnhofener-natursteinparadies.com\/2025\/wp-content\/uploads\/2025\/07\/Titelseite2-1.jpg 400w, https:\/\/solnhofener-natursteinparadies.com\/2025\/wp-content\/uploads\/2025\/07\/Titelseite2-1-222x300.jpg 222w\" sizes=\"auto, (max-width: 400px) 100vw, 400px\" \/><\/figure>\n<\/div>\n\n\n<h5 class=\"wp-block-heading\"><strong>Nos <a href=\"https:\/\/solnhofener-natursteinparadies.com\/2025\/fr\/produits\/\">Produits<\/a><\/strong><\/h5>\n\n\n\n<ul class=\"wp-block-list\">\n<li><a href=\"https:\/\/solnhofener-natursteinparadies.com\/2025\/fr\/produits\/dalles-polygonales\/\">Dalles polygonales<\/a> (Dalles Solnhofen, antid\u00e9rapantes R13 ou Quartzite)<\/li>\n\n\n\n<li><a href=\"https:\/\/solnhofener-natursteinparadies.com\/2025\/fr\/produits\/dalles-de-format\/\">Dalles de format<\/a><\/li>\n\n\n\n<li><a href=\"https:\/\/solnhofener-natursteinparadies.com\/2025\/fr\/produits\/jura-calcaire\/\">Jura-Calcaire<\/a>, Calcaire, Marbre<\/li>\n\n\n\n<li><a href=\"https:\/\/solnhofener-natursteinparadies.com\/2025\/fr\/produits\/travertin\/\">Travertin<\/a> (r\u00e9sistant au gel)<\/li>\n\n\n\n<li><a href=\"https:\/\/solnhofener-natursteinparadies.com\/2025\/fr\/produits\/quartzite\/\">Quartzite<\/a> (r\u00e9sistant aux acides et au gel)<\/li>\n\n\n\n<li>Granit (r\u00e9sistant aux acides et au gel)<\/li>\n\n\n\n<li><a href=\"https:\/\/solnhofener-natursteinparadies.com\/2025\/fr\/produits\/solker-gres-cerame\/\">SolKer\u00ae Gr\u00e8s C\u00e9rame Fin<\/a><\/li>\n\n\n\n<li><a href=\"https:\/\/solnhofener-natursteinparadies.com\/2025\/fr\/produits\/plinthes\/\">Plinthes<\/a><\/li>\n\n\n\n<li><a href=\"https:\/\/solnhofener-natursteinparadies.com\/2025\/fr\/produits\/escaliers\/\">Escaliers<\/a><\/li>\n\n\n\n<li><a href=\"https:\/\/solnhofener-natursteinparadies.com\/2025\/fr\/produits\/traitement-des-bords-et-des-surfaces\/\">Traitement des bords et des surfaces<\/a><\/li>\n\n\n\n<li><a href=\"https:\/\/solnhofener-natursteinparadies.com\/2025\/fr\/produits\/particularites\/\">Particularit\u00e9s<\/a><\/li>\n\n\n\n<li>Appuis de fen\u00eatre<\/li>\n\n\n\n<li>Fait sur mesure<\/li>\n\n\n\n<li>Produits de pose<\/li>\n\n\n\n<li>Impr\u00e9gnation<\/li>\n<\/ul>\n\n\n\n<h5 class=\"wp-block-heading\"><strong><a href=\"https:\/\/solnhofener-natursteinparadies.com\/2025\/fr\/service-2\/\">Service<\/a> et conseil<\/strong><\/h5>\n\n\n\n<p>De la commande \u00e0 la livraison<\/p>\n\n\n\n<ul class=\"wp-block-list\">\n<li>M\u00eame apr\u00e8s la fin de la transaction, nous sommes heureux de rester disponibles pour vous \u00e0 tout moment<\/li>\n\n\n\n<li>Parce que seul un service client de premi\u00e8re classe est une bonne publicit\u00e9 durable pour nous<\/li>\n\n\n\n<li><strong>Nous ne sommes satisfaits que lorsque vous \u00eates satisfait!<\/strong><\/li>\n\n\n\n<li>De nombreux clients satisfaits depuis 2013 parlent d\u2019eux-m\u00eames<\/li>\n\n\n\n<li>Mais notre meilleure r\u00e9f\u00e9rence devrait \u00eatre votre recommandation<\/li>\n<\/ul>\n\n\n\n<h5 class=\"wp-block-heading\"><strong>Exp\u00e9dition<\/strong><\/h5>\n\n\n\n<p>A lieu avec des transitaires internationaux dans des palettes bien s\u00e9curis\u00e9es en bois non trait\u00e9. Ils peuvent donc \u00eatre br\u00fbl\u00e9s dans la chemin\u00e9e sans h\u00e9sitation.<\/p>\n\n\n\n<p><strong>D\u00e9lai de Livraison:<\/strong>&nbsp;selon l\u00b4arrangement&nbsp;<\/p>\n\n\n\n<p>Votre Solnhofen Paradis De La Pierre Naturelle<\/p>\n","protected":false},"excerpt":{"rendered":"<p>Notre pierre naturelle comme MAT\u00c9RIAU DE CONSTRUCTION ORGANIQUE dans sa beaut\u00e9 naturelle et son \u00e9l\u00e9gance vous inspirera! Ressentez la puissance des pierres &#8211; Laissez-vous inspirer et enchanter Nous vous pr\u00e9sentons des pierres naturelles fascinantes de Calcaire, Granit, Jura-Calcaire, Marbre, Quartzite, Pierres de Solnhofen et Travertin.Toutes les pierres sont toujours de la plus haute qualit\u00e9 et &#8230; <a title=\"Page d&#8217;accueil\" class=\"read-more\" href=\"https:\/\/solnhofener-natursteinparadies.com\/2025\/fr\/page-daccueil\/\" aria-label=\"Mehr Informationen \u00fcber Page d&#8217;accueil\">Weiterlesen &#8230;<\/a><\/p>\n","protected":false},"author":1,"featured_media":0,"parent":0,"menu_order":100,"comment_status":"closed","ping_status":"closed","template":"","meta":{"ngg_post_thumbnail":0,"footnotes":""},"class_list":["post-9","page","type-page","status-publish"],"yoast_head":"<!-- This site is optimized with the Yoast SEO plugin v27.4 - https:\/\/yoast.com\/product\/yoast-seo-wordpress\/ -->\n<title>Page d&#039;accueil - Solnhofen Paradis De La Pierre Naturelle<\/title>\n<meta name=\"description\" content=\"Page d&#039;accueil - Solnhofen Paradis De La Pierre Naturelle - Ressentez la puissance des pierres! Laissez-vous inspirer et enchanter!\" \/>\n<meta name=\"robots\" content=\"index, follow, max-snippet:-1, max-image-preview:large, max-video-preview:-1\" \/>\n<link rel=\"canonical\" href=\"https:\/\/solnhofener-natursteinparadies.com\/2025\/fr\/page-daccueil\/\" \/>\n<meta property=\"og:locale\" content=\"de_DE\" \/>\n<meta property=\"og:type\" content=\"article\" \/>\n<meta property=\"og:title\" content=\"Page d&#039;accueil - Solnhofen Paradis De La Pierre Naturelle\" \/>\n<meta property=\"og:description\" content=\"Page d&#039;accueil - Solnhofen Paradis De La Pierre Naturelle - Ressentez la puissance des pierres! Laissez-vous inspirer et enchanter!\" \/>\n<meta property=\"og:url\" content=\"https:\/\/solnhofener-natursteinparadies.com\/2025\/fr\/page-daccueil\/\" \/>\n<meta property=\"og:site_name\" content=\"Solnhofener Natursteinparadies\" \/>\n<meta property=\"article:modified_time\" content=\"2025-08-03T15:22:58+00:00\" \/>\n<meta property=\"og:image\" content=\"https:\/\/solnhofener-natursteinparadies.com\/2025\/wp-content\/uploads\/2025\/06\/Start_kopf-1.jpg\" \/>\n\t<meta property=\"og:image:width\" content=\"912\" \/>\n\t<meta property=\"og:image:height\" content=\"184\" \/>\n\t<meta property=\"og:image:type\" content=\"image\/jpeg\" \/>\n<meta name=\"twitter:card\" content=\"summary_large_image\" \/>\n<meta name=\"twitter:label1\" content=\"Gesch\u00e4tzte Lesezeit\" \/>\n\t<meta name=\"twitter:data1\" content=\"3\u00a0Minuten\" \/>\n<script type=\"application\/ld+json\" class=\"yoast-schema-graph\">{\"@context\":\"https:\\\/\\\/schema.org\",\"@graph\":[{\"@type\":\"WebPage\",\"@id\":\"https:\\\/\\\/solnhofener-natursteinparadies.com\\\/2025\\\/fr\\\/page-daccueil\\\/\",\"url\":\"https:\\\/\\\/solnhofener-natursteinparadies.com\\\/2025\\\/fr\\\/page-daccueil\\\/\",\"name\":\"Page d'accueil - Solnhofen Paradis De La Pierre Naturelle\",\"isPartOf\":{\"@id\":\"https:\\\/\\\/solnhofener-natursteinparadies.com\\\/2025\\\/#website\"},\"primaryImageOfPage\":{\"@id\":\"https:\\\/\\\/solnhofener-natursteinparadies.com\\\/2025\\\/fr\\\/page-daccueil\\\/#primaryimage\"},\"image\":{\"@id\":\"https:\\\/\\\/solnhofener-natursteinparadies.com\\\/2025\\\/fr\\\/page-daccueil\\\/#primaryimage\"},\"thumbnailUrl\":\"https:\\\/\\\/solnhofener-natursteinparadies.com\\\/2025\\\/wp-content\\\/uploads\\\/2025\\\/06\\\/Start_kopf-1.jpg\",\"datePublished\":\"2025-06-19T13:00:34+00:00\",\"dateModified\":\"2025-08-03T15:22:58+00:00\",\"description\":\"Page d'accueil - Solnhofen Paradis De La Pierre Naturelle - Ressentez la puissance des pierres! Laissez-vous inspirer et enchanter!\",\"breadcrumb\":{\"@id\":\"https:\\\/\\\/solnhofener-natursteinparadies.com\\\/2025\\\/fr\\\/page-daccueil\\\/#breadcrumb\"},\"inLanguage\":\"de\",\"potentialAction\":[{\"@type\":\"ReadAction\",\"target\":[\"https:\\\/\\\/solnhofener-natursteinparadies.com\\\/2025\\\/fr\\\/page-daccueil\\\/\"]}]},{\"@type\":\"ImageObject\",\"inLanguage\":\"de\",\"@id\":\"https:\\\/\\\/solnhofener-natursteinparadies.com\\\/2025\\\/fr\\\/page-daccueil\\\/#primaryimage\",\"url\":\"https:\\\/\\\/solnhofener-natursteinparadies.com\\\/2025\\\/wp-content\\\/uploads\\\/2025\\\/06\\\/Start_kopf-1.jpg\",\"contentUrl\":\"https:\\\/\\\/solnhofener-natursteinparadies.com\\\/2025\\\/wp-content\\\/uploads\\\/2025\\\/06\\\/Start_kopf-1.jpg\",\"width\":912,\"height\":184},{\"@type\":\"BreadcrumbList\",\"@id\":\"https:\\\/\\\/solnhofener-natursteinparadies.com\\\/2025\\\/fr\\\/page-daccueil\\\/#breadcrumb\",\"itemListElement\":[{\"@type\":\"ListItem\",\"position\":1,\"name\":\"Startseite\",\"item\":\"https:\\\/\\\/solnhofener-natursteinparadies.com\\\/2025\\\/\"},{\"@type\":\"ListItem\",\"position\":2,\"name\":\"Page d&#8217;accueil\"}]},{\"@type\":\"WebSite\",\"@id\":\"https:\\\/\\\/solnhofener-natursteinparadies.com\\\/2025\\\/#website\",\"url\":\"https:\\\/\\\/solnhofener-natursteinparadies.com\\\/2025\\\/\",\"name\":\"Solnhofener Natursteinparadies\",\"description\":\"\",\"publisher\":{\"@id\":\"https:\\\/\\\/solnhofener-natursteinparadies.com\\\/2025\\\/#organization\"},\"potentialAction\":[{\"@type\":\"SearchAction\",\"target\":{\"@type\":\"EntryPoint\",\"urlTemplate\":\"https:\\\/\\\/solnhofener-natursteinparadies.com\\\/2025\\\/?s={search_term_string}\"},\"query-input\":{\"@type\":\"PropertyValueSpecification\",\"valueRequired\":true,\"valueName\":\"search_term_string\"}}],\"inLanguage\":\"de\"},{\"@type\":\"Organization\",\"@id\":\"https:\\\/\\\/solnhofener-natursteinparadies.com\\\/2025\\\/#organization\",\"name\":\"Solnhofener Natursteinparadies\",\"url\":\"https:\\\/\\\/solnhofener-natursteinparadies.com\\\/2025\\\/\",\"logo\":{\"@type\":\"ImageObject\",\"inLanguage\":\"de\",\"@id\":\"https:\\\/\\\/solnhofener-natursteinparadies.com\\\/2025\\\/#\\\/schema\\\/logo\\\/image\\\/\",\"url\":\"https:\\\/\\\/solnhofener-natursteinparadies.com\\\/2025\\\/wp-content\\\/uploads\\\/2025\\\/06\\\/header-3.jpg\",\"contentUrl\":\"https:\\\/\\\/solnhofener-natursteinparadies.com\\\/2025\\\/wp-content\\\/uploads\\\/2025\\\/06\\\/header-3.jpg\",\"width\":1200,\"height\":230,\"caption\":\"Solnhofener Natursteinparadies\"},\"image\":{\"@id\":\"https:\\\/\\\/solnhofener-natursteinparadies.com\\\/2025\\\/#\\\/schema\\\/logo\\\/image\\\/\"}}]}<\/script>\n<!-- \/ Yoast SEO plugin. -->","yoast_head_json":{"title":"Page d'accueil - Solnhofen Paradis De La Pierre Naturelle","description":"Page d'accueil - Solnhofen Paradis De La Pierre Naturelle - Ressentez la puissance des pierres! Laissez-vous inspirer et enchanter!","robots":{"index":"index","follow":"follow","max-snippet":"max-snippet:-1","max-image-preview":"max-image-preview:large","max-video-preview":"max-video-preview:-1"},"canonical":"https:\/\/solnhofener-natursteinparadies.com\/2025\/fr\/page-daccueil\/","og_locale":"de_DE","og_type":"article","og_title":"Page d'accueil - Solnhofen Paradis De La Pierre Naturelle","og_description":"Page d'accueil - Solnhofen Paradis De La Pierre Naturelle - Ressentez la puissance des pierres! Laissez-vous inspirer et enchanter!","og_url":"https:\/\/solnhofener-natursteinparadies.com\/2025\/fr\/page-daccueil\/","og_site_name":"Solnhofener Natursteinparadies","article_modified_time":"2025-08-03T15:22:58+00:00","og_image":[{"width":912,"height":184,"url":"https:\/\/solnhofener-natursteinparadies.com\/2025\/wp-content\/uploads\/2025\/06\/Start_kopf-1.jpg","type":"image\/jpeg"}],"twitter_card":"summary_large_image","twitter_misc":{"Gesch\u00e4tzte Lesezeit":"3\u00a0Minuten"},"schema":{"@context":"https:\/\/schema.org","@graph":[{"@type":"WebPage","@id":"https:\/\/solnhofener-natursteinparadies.com\/2025\/fr\/page-daccueil\/","url":"https:\/\/solnhofener-natursteinparadies.com\/2025\/fr\/page-daccueil\/","name":"Page d'accueil - Solnhofen Paradis De La Pierre Naturelle","isPartOf":{"@id":"https:\/\/solnhofener-natursteinparadies.com\/2025\/#website"},"primaryImageOfPage":{"@id":"https:\/\/solnhofener-natursteinparadies.com\/2025\/fr\/page-daccueil\/#primaryimage"},"image":{"@id":"https:\/\/solnhofener-natursteinparadies.com\/2025\/fr\/page-daccueil\/#primaryimage"},"thumbnailUrl":"https:\/\/solnhofener-natursteinparadies.com\/2025\/wp-content\/uploads\/2025\/06\/Start_kopf-1.jpg","datePublished":"2025-06-19T13:00:34+00:00","dateModified":"2025-08-03T15:22:58+00:00","description":"Page d'accueil - Solnhofen Paradis De La Pierre Naturelle - Ressentez la puissance des pierres! Laissez-vous inspirer et enchanter!","breadcrumb":{"@id":"https:\/\/solnhofener-natursteinparadies.com\/2025\/fr\/page-daccueil\/#breadcrumb"},"inLanguage":"de","potentialAction":[{"@type":"ReadAction","target":["https:\/\/solnhofener-natursteinparadies.com\/2025\/fr\/page-daccueil\/"]}]},{"@type":"ImageObject","inLanguage":"de","@id":"https:\/\/solnhofener-natursteinparadies.com\/2025\/fr\/page-daccueil\/#primaryimage","url":"https:\/\/solnhofener-natursteinparadies.com\/2025\/wp-content\/uploads\/2025\/06\/Start_kopf-1.jpg","contentUrl":"https:\/\/solnhofener-natursteinparadies.com\/2025\/wp-content\/uploads\/2025\/06\/Start_kopf-1.jpg","width":912,"height":184},{"@type":"BreadcrumbList","@id":"https:\/\/solnhofener-natursteinparadies.com\/2025\/fr\/page-daccueil\/#breadcrumb","itemListElement":[{"@type":"ListItem","position":1,"name":"Startseite","item":"https:\/\/solnhofener-natursteinparadies.com\/2025\/"},{"@type":"ListItem","position":2,"name":"Page d&#8217;accueil"}]},{"@type":"WebSite","@id":"https:\/\/solnhofener-natursteinparadies.com\/2025\/#website","url":"https:\/\/solnhofener-natursteinparadies.com\/2025\/","name":"Solnhofener Natursteinparadies","description":"","publisher":{"@id":"https:\/\/solnhofener-natursteinparadies.com\/2025\/#organization"},"potentialAction":[{"@type":"SearchAction","target":{"@type":"EntryPoint","urlTemplate":"https:\/\/solnhofener-natursteinparadies.com\/2025\/?s={search_term_string}"},"query-input":{"@type":"PropertyValueSpecification","valueRequired":true,"valueName":"search_term_string"}}],"inLanguage":"de"},{"@type":"Organization","@id":"https:\/\/solnhofener-natursteinparadies.com\/2025\/#organization","name":"Solnhofener Natursteinparadies","url":"https:\/\/solnhofener-natursteinparadies.com\/2025\/","logo":{"@type":"ImageObject","inLanguage":"de","@id":"https:\/\/solnhofener-natursteinparadies.com\/2025\/#\/schema\/logo\/image\/","url":"https:\/\/solnhofener-natursteinparadies.com\/2025\/wp-content\/uploads\/2025\/06\/header-3.jpg","contentUrl":"https:\/\/solnhofener-natursteinparadies.com\/2025\/wp-content\/uploads\/2025\/06\/header-3.jpg","width":1200,"height":230,"caption":"Solnhofener Natursteinparadies"},"image":{"@id":"https:\/\/solnhofener-natursteinparadies.com\/2025\/#\/schema\/logo\/image\/"}}]}},"jetpack_sharing_enabled":true,"_links":{"self":[{"href":"https:\/\/solnhofener-natursteinparadies.com\/2025\/wp-json\/wp\/v2\/pages\/9","targetHints":{"allow":["GET"]}}],"collection":[{"href":"https:\/\/solnhofener-natursteinparadies.com\/2025\/wp-json\/wp\/v2\/pages"}],"about":[{"href":"https:\/\/solnhofener-natursteinparadies.com\/2025\/wp-json\/wp\/v2\/types\/page"}],"author":[{"embeddable":true,"href":"https:\/\/solnhofener-natursteinparadies.com\/2025\/wp-json\/wp\/v2\/users\/1"}],"replies":[{"embeddable":true,"href":"https:\/\/solnhofener-natursteinparadies.com\/2025\/wp-json\/wp\/v2\/comments?post=9"}],"version-history":[{"count":26,"href":"https:\/\/solnhofener-natursteinparadies.com\/2025\/wp-json\/wp\/v2\/pages\/9\/revisions"}],"predecessor-version":[{"id":1996,"href":"https:\/\/solnhofener-natursteinparadies.com\/2025\/wp-json\/wp\/v2\/pages\/9\/revisions\/1996"}],"wp:attachment":[{"href":"https:\/\/solnhofener-natursteinparadies.com\/2025\/wp-json\/wp\/v2\/media?parent=9"}],"curies":[{"name":"wp","href":"https:\/\/api.w.org\/{rel}","templated":true}]}}